338
CDUS45 KPUB 270027
CLIPUB


CLIMATE REPORT
NATIONAL WEATHER SERVICE PUEBLO
626 PM MDT THU APR 26 2018


...................................

...THE PUEBLO CO CLIMATE SUMMARY FOR APRIL 26 2018...
VALID TODAY AS OF 0500 PM LOCAL TIME.

CLIMATE NORMAL PERIOD 1981 TO 2010
CLIMATE RECORD PERIOD 1888 TO 2018


WEATHER ITEM   OBSERVED TIME   RECORD YEAR NORMAL DEPARTURE LAST
                VALUE   (LST)  VALUE       VALUE  FROM      YEAR
                                                  NORMAL
..................................................................
TEMPERATURE (F)
 TODAY
  MAXIMUM         65    449 PM  90    1981  71     -6       60
  MINIMUM         34    140 AM  25    1924  37     -3       34
  AVERAGE         50                        54     -4       47

PRECIPITATION (IN)
  TODAY            0.00          1.07 1933   0.05  -0.05     0.00
  MONTH TO DATE    0.49                      1.18  -0.69     2.72
  SINCE MAR 1      0.55                      2.11  -1.56     3.67
  SINCE JAN 1      1.36                      2.76  -1.40     4.59

SNOWFALL (IN)
  TODAY            0.0           1.3  1995   0.1   -0.1      0.0
  MONTH TO DATE    T                         3.5   -3.5      5.6
  SINCE MAR 1      T                         9.2   -9.2      5.6
  SINCE JUL 1     13.7                      31.0  -17.3     19.8
  SNOW DEPTH       0

DEGREE DAYS
 HEATING
  TODAY           15                        11      4       18
  MONTH TO DATE  397                       394      3      289
  SINCE MAR 1    995                      1096   -101      765
  SINCE JUL 1   4811                      5399   -588     4265

 COOLING
  TODAY            0                         0      0        0
  MONTH TO DATE    0                         0      0        0
  SINCE MAR 1      0                         0      0        0
  SINCE JAN 1      0                         0      0        0
..................................................................


WIND (MPH)
  HIGHEST WIND SPEED    44   HIGHEST WIND DIRECTION     N (360)
  HIGHEST GUST SPEED    60   HIGHEST GUST DIRECTION     N (360)
  AVERAGE WIND SPEED    24.8


SKY COVER
  POSSIBLE SUNSHINE  MM
  AVERAGE SKY COVER 0.1


WEATHER CONDITIONS
 THE FOLLOWING WEATHER WAS RECORDED TODAY.
  NO SIGNIFICANT WEATHER WAS OBSERVED.


RELATIVE HUMIDITY (PERCENT)
 HIGHEST    70           100 AM
 LOWEST     22           400 PM
 AVERAGE    46

..........................................................


THE PUEBLO CO CLIMATE NORMALS FOR TOMORROW
                         NORMAL    RECORD    YEAR
 MAXIMUM TEMPERATURE (F)   71        88      1992
 MINIMUM TEMPERATURE (F)   38        22      1984


SUNRISE AND SUNSET
APRIL 26 2018.........SUNRISE   607 AM MDT   SUNSET   745 PM MDT
APRIL 27 2018.........SUNRISE   606 AM MDT   SUNSET   746 PM MDT


-  INDICATES NEGATIVE NUMBERS.
R  INDICATES RECORD WAS SET OR TIED.
MM INDICATES DATA IS MISSING.
T  INDICATES TRACE AMOUNT.




$$
