000
CDUS41 KPHI 272130
CLIRDG


CLIMATE REPORT
NATIONAL WEATHER SERVICE MOUNT HOLLY NJ
529 PM EDT SUN MAY 27 2018


...................................

...THE READING PA CLIMATE SUMMARY FOR MAY 27 2018...
VALID TODAY AS OF 0500 PM LOCAL TIME.

CLIMATE NORMAL PERIOD 1981 TO 2010
CLIMATE RECORD PERIOD 1869 TO 2018


WEATHER ITEM   OBSERVED TIME   RECORD YEAR NORMAL DEPARTURE LAST
                VALUE   (LST)  VALUE       VALUE  FROM      YEAR
                                                  NORMAL
..................................................................
TEMPERATURE (F)
 TODAY
  MAXIMUM         77   1202 AM  93    1914  76      1       76
  MINIMUM         68    359 PM  35    1972  54     14       52
  AVERAGE         73                        64      9       64

PRECIPITATION (IN)
  TODAY            T             1.97 1906   0.17  -0.17     0.00
  MONTH TO DATE    4.62                      3.59   1.03     3.22
  SINCE MAR 1     11.00                     10.84   0.16     9.53
  SINCE JAN 1     19.78                     16.37   3.41    12.92

DEGREE DAYS
 HEATING
  TODAY            0                         3     -3        1
  MONTH TO DATE   52                       159   -107      166
  SINCE MAR 1   1390                      1315     75     1194
  SINCE JUL 1   5179                      5357   -178     4556

 COOLING
  TODAY            8                         3      5        0
  MONTH TO DATE   83                        41     42       41
  SINCE MAR 1     93                        50     43       68
  SINCE JAN 1     94                        50     44       68
..................................................................


WIND (MPH)
  HIGHEST WIND SPEED    15   HIGHEST WIND DIRECTION     E (70)
  HIGHEST GUST SPEED    21   HIGHEST GUST DIRECTION    NE (60)
  AVERAGE WIND SPEED     5.8


SKY COVER
  POSSIBLE SUNSHINE  MM
  AVERAGE SKY COVER 0.7


WEATHER CONDITIONS
 THE FOLLOWING WEATHER WAS RECORDED TODAY.
  LIGHT RAIN


RELATIVE HUMIDITY (PERCENT)
 HIGHEST   100           500 AM
 LOWEST     84           900 AM
 AVERAGE    92

..........................................................


THE READING PA CLIMATE NORMALS FOR TOMORROW
                         NORMAL    RECORD    YEAR
 MAXIMUM TEMPERATURE (F)   76        92      1977
                                             1941
                                             1914
 MINIMUM TEMPERATURE (F)   54        38      1994


SUNRISE AND SUNSET
MAY 27 2018...........SUNRISE   538 AM EDT   SUNSET   824 PM EDT
MAY 28 2018...........SUNRISE   538 AM EDT   SUNSET   825 PM EDT


-  INDICATES NEGATIVE NUMBERS.
R  INDICATES RECORD WAS SET OR TIED.
MM INDICATES DATA IS MISSING.
T  INDICATES TRACE AMOUNT.




$$
