000
CDUS43 KGRB 250628
CLIRHI


CLIMATE REPORT
NATIONAL WEATHER SERVICE GREEN BAY
127 AM CDT FRI MAY 25 2018


...................................

...THE RHINELANDER WI CLIMATE SUMMARY FOR MAY 24 2018...

CLIMATE NORMAL PERIOD 1981 TO 2010
CLIMATE RECORD PERIOD 1908 TO 2018


WEATHER ITEM   OBSERVED TIME   RECORD YEAR NORMAL DEPARTURE LAST
                VALUE   (LST)  VALUE       VALUE  FROM      YEAR
                                                  NORMAL
..................................................................
TEMPERATURE (F)
 YESTERDAY
  MAXIMUM         87    348 PM  90    2010  68     19       57
  MINIMUM         56    329 AM  27    2013  43     13       47
  AVERAGE         72                        55     17       52

PRECIPITATION (IN)
  YESTERDAY        0.28          1.79 2006   0.12   0.16     0.06
  MONTH TO DATE    0.78                      2.66  -1.88     5.44
  SINCE MAR 1      5.21                      6.81  -1.60    13.58
  SINCE JAN 1      7.50                      8.85  -1.35    16.94

SNOWFALL (IN)
  YESTERDAY        0.0           0.0    MM  MM     MM        0.0
  MONTH TO DATE    0.0                      MM     MM        0.0
  SINCE MAR 1     44.3                      MM     MM       14.3
  SINCE JUL 1     99.9                      MM     MM       65.8
  SNOW DEPTH       0

DEGREE DAYS
 HEATING
  YESTERDAY        0                        10    -10       13
  MONTH TO DATE  149                       323   -174      350
  SINCE MAR 1   2383                      2201    182     2118
  SINCE JUL 1   8958                      8823    135     7629

 COOLING
  YESTERDAY        7                         1      6        0
  MONTH TO DATE   18                         2     16        1
  SINCE MAR 1     18                         3     15        1
  SINCE JAN 1     18                         3     15        1
..................................................................


WIND (MPH)
  HIGHEST WIND SPEED    17   HIGHEST WIND DIRECTION    SW (210)
  HIGHEST GUST SPEED    24   HIGHEST GUST DIRECTION    SW (220)
  AVERAGE WIND SPEED     5.8


SKY COVER
  POSSIBLE SUNSHINE  MM
  AVERAGE SKY COVER 0.5


WEATHER CONDITIONS
 THE FOLLOWING WEATHER WAS RECORDED YESTERDAY.
  THUNDERSTORM
  HEAVY RAIN
  RAIN
  LIGHT RAIN
  FOG
  FOG W/VISIBILITY <= 1/4 MILE


RELATIVE HUMIDITY (PERCENT)
 HIGHEST    97           200 AM
 LOWEST     48           500 PM
 AVERAGE    73

..........................................................


THE RHINELANDER WI CLIMATE NORMALS FOR TODAY
                         NORMAL    RECORD    YEAR
 MAXIMUM TEMPERATURE (F)   68        89      1911
 MINIMUM TEMPERATURE (F)   43        25      1913


SUNRISE AND SUNSET
MAY 25 2018...........SUNRISE   517 AM CDT   SUNSET   833 PM CDT
MAY 26 2018...........SUNRISE   516 AM CDT   SUNSET   834 PM CDT


-  INDICATES NEGATIVE NUMBERS.
R  INDICATES RECORD WAS SET OR TIED.
MM INDICATES DATA IS MISSING.
T  INDICATES TRACE AMOUNT.




$$
