000
CDUS45 KPIH 230730
CLIRXE


CLIMATE REPORT
NATIONAL WEATHER SERVICE POCATELLO ID
130 AM MDT MON APR 23 2018


...................................

...THE REXBURG ID CLIMATE SUMMARY FOR APRIL 22 2018...

CLIMATE NORMAL PERIOD 1981 TO 2010
CLIMATE RECORD PERIOD 1998 TO 2018


WEATHER ITEM   OBSERVED TIME   RECORD YEAR NORMAL DEPARTURE LAST
                VALUE   (LST)  VALUE       VALUE  FROM      YEAR
                                                  NORMAL
..................................................................
TEMPERATURE (F)
 YESTERDAY
  MAXIMUM         70    325 PM  82    2012  58     12       58
  MINIMUM         39    552 AM  23    2008  33      6       28
  AVERAGE         55                        45     10       43

PRECIPITATION (IN)
  YESTERDAY        0.06         MM      MM   0.05   0.01     0.00
  MONTH TO DATE    1.62                      1.05   0.57     1.10
  SINCE OCT 1      7.39                      6.89   0.50    10.00
  SINCE JAN 1      5.29                      3.68   1.61     4.24

SNOWFALL (IN)
  YESTERDAY       MM
  MONTH TO DATE   MM
  SINCE MAR 1     MM
  SINCE JUL 1     MM
  SNOW DEPTH      MM

DEGREE DAYS
 HEATING
  YESTERDAY       10                        20    -10       22
  MONTH TO DATE  472                       490    -18      482
  SINCE MAR 1   1446                      1446      0     1221
  SINCE JUL 1   6903                      7419   -516     7016

 COOLING
  YESTERDAY        0                         0      0        0
  MONTH TO DATE    0                         0      0        0
  SINCE MAR 1      0                         0      0        0
  SINCE JAN 1      0                         0      0        0
..................................................................


WIND (MPH)
  HIGHEST WIND SPEED    24   HIGHEST WIND DIRECTION     W (290)
  HIGHEST GUST SPEED    36   HIGHEST GUST DIRECTION    NW (300)
  AVERAGE WIND SPEED     8.4


SKY COVER
  POSSIBLE SUNSHINE  MM
  AVERAGE SKY COVER 0.2


WEATHER CONDITIONS
 THE FOLLOWING WEATHER WAS RECORDED YESTERDAY.
  RAIN
  LIGHT RAIN
  FOG


RELATIVE HUMIDITY (PERCENT)
 HIGHEST    64           600 AM
 LOWEST     22           300 PM
 AVERAGE    43

..........................................................


THE REXBURG ID CLIMATE NORMALS FOR TODAY
                         NORMAL    RECORD    YEAR
 MAXIMUM TEMPERATURE (F)   59        85      2012
 MINIMUM TEMPERATURE (F)   33        18      2013


SUNRISE AND SUNSET
APRIL 23 2018.........SUNRISE   631 AM MDT   SUNSET   821 PM MDT
APRIL 24 2018.........SUNRISE   630 AM MDT   SUNSET   822 PM MDT


-  INDICATES NEGATIVE NUMBERS.
R  INDICATES RECORD WAS SET OR TIED.
MM INDICATES DATA IS MISSING.
T  INDICATES TRACE AMOUNT.




$$
