000
CDUS42 KCHS 200605
CLISAV


CLIMATE REPORT
NATIONAL WEATHER SERVICE CHARLESTON SC
205 AM EDT SUN MAY 20 2018


...................................

...THE SAVANNAH GA CLIMATE SUMMARY FOR MAY 19 2018...

CLIMATE NORMAL PERIOD 1981 TO 2010
CLIMATE RECORD PERIOD 1871 TO 2018


WEATHER ITEM   OBSERVED TIME   RECORD YEAR NORMAL DEPARTURE LAST
                VALUE   (LST)  VALUE       VALUE  FROM      YEAR
                                                  NORMAL
..................................................................
TEMPERATURE (F)
 YESTERDAY
  MAXIMUM         88    140 PM  97    1996  85      3       89
  MINIMUM         69    424 AM  48    1976  63      6       65
  AVERAGE         79                        74      5       77

PRECIPITATION (IN)
  YESTERDAY        T             4.20 1969   0.09  -0.09     0.00
  MONTH TO DATE    1.23                      1.60  -0.37     2.68
  SINCE MAR 1      6.78                      8.40  -1.62     6.06
  SINCE JAN 1      9.61                     14.88  -5.27    14.89

DEGREE DAYS
 HEATING
  YESTERDAY        0                         0      0        0
  MONTH TO DATE    0                         6     -6        1
  SINCE MAR 1    332                       292     40      213
  SINCE JUL 1   1607                      1809   -202     1023

 COOLING
  YESTERDAY       14                         9      5       12
  MONTH TO DATE  189                       136     53      170
  SINCE MAR 1    294                       262     32      452
  SINCE JAN 1    376                       272    104      510
..................................................................


WIND (MPH)
  HIGHEST WIND SPEED    20   HIGHEST WIND DIRECTION     E (100)
  HIGHEST GUST SPEED    23   HIGHEST GUST DIRECTION     E (100)
  AVERAGE WIND SPEED     5.1


SKY COVER
  POSSIBLE SUNSHINE  MM
  AVERAGE SKY COVER 0.6


WEATHER CONDITIONS
 THE FOLLOWING WEATHER WAS RECORDED YESTERDAY.
  LIGHT RAIN
  FOG


RELATIVE HUMIDITY (PERCENT)
 HIGHEST   100           300 AM
 LOWEST     55          1200 PM
 AVERAGE    78

..........................................................


THE SAVANNAH GA CLIMATE NORMALS FOR TODAY
                         NORMAL    RECORD    YEAR
 MAXIMUM TEMPERATURE (F)   86        96      2006
 MINIMUM TEMPERATURE (F)   63        44      1894


SUNRISE AND SUNSET
MAY 20 2018...........SUNRISE   624 AM EDT   SUNSET   819 PM EDT
MAY 21 2018...........SUNRISE   624 AM EDT   SUNSET   820 PM EDT


-  INDICATES NEGATIVE NUMBERS.
R  INDICATES RECORD WAS SET OR TIED.
MM INDICATES DATA IS MISSING.
T  INDICATES TRACE AMOUNT.




$$
