000
CDUS43 KSGF 230627
CLISGF


CLIMATE REPORT
NATIONAL WEATHER SERVICE SPRINGFIELD MO
126 AM CDT SAT JUN 23 2018


...................................

...THE SPRINGFIELD MO CLIMATE SUMMARY FOR JUNE 22 2018...

CLIMATE NORMAL PERIOD 1981 TO 2010
CLIMATE RECORD PERIOD 1888 TO 2018


WEATHER ITEM   OBSERVED TIME   RECORD YEAR NORMAL DEPARTURE LAST
                VALUE   (LST)  VALUE       VALUE  FROM      YEAR
                                                  NORMAL
..................................................................
TEMPERATURE (F)
 YESTERDAY
  MAXIMUM         83    423 PM  96    2016  86     -3       86
  MINIMUM         65    811 AM  49    1972  65      0       69
  AVERAGE         74                        75     -1       78

PRECIPITATION (IN)
  YESTERDAY        T             1.67 1980   0.17  -0.17     0.00
  MONTH TO DATE    1.85                      3.59  -1.74     1.46
  SINCE JUN 1      1.85                      3.59  -1.74     1.46
  SINCE JAN 1     20.08                     21.62  -1.54    30.16

SNOWFALL (IN)
  YESTERDAY        0.0
  MONTH TO DATE    0.0
  SINCE JUN 1      0.0
  SINCE JUL 1      6.1
  SNOW DEPTH       0

DEGREE DAYS
 HEATING
  YESTERDAY        0                         0      0        0
  MONTH TO DATE    0                         7     -7        0
  SINCE JUN 1      0                         7     -7        0
  SINCE JUL 1   4257                      4576   -319     3355

 COOLING
  YESTERDAY        9                        10     -1       13
  MONTH TO DATE  326                       174    152      209
  SINCE JUN 1    326                       174    152      209
  SINCE JAN 1    612                       289    323      357
..................................................................


WIND (MPH)
  HIGHEST WIND SPEED    15   HIGHEST WIND DIRECTION    NW (320)
  HIGHEST GUST SPEED    21   HIGHEST GUST DIRECTION    NW (320)
  AVERAGE WIND SPEED     8.1


SKY COVER
  AVERAGE SKY COVER 0.6


WEATHER CONDITIONS
 THE FOLLOWING WEATHER WAS RECORDED YESTERDAY.
  FOG


RELATIVE HUMIDITY (PERCENT)
 HIGHEST    93           500 AM
 LOWEST     51           400 PM
 AVERAGE    72

..........................................................


THE SPRINGFIELD MO CLIMATE NORMALS FOR TODAY
                         NORMAL    RECORD    YEAR
 MAXIMUM TEMPERATURE (F)   86        98      1934
                                             1933
 MINIMUM TEMPERATURE (F)   65        49      2004


SUNRISE AND SUNSET
JUNE 23 2018..........SUNRISE   554 AM CDT   SUNSET   838 PM CDT
JUNE 24 2018..........SUNRISE   554 AM CDT   SUNSET   838 PM CDT


-  INDICATES NEGATIVE NUMBERS.
R  INDICATES RECORD WAS SET OR TIED.
MM INDICATES DATA IS MISSING.
T  INDICATES TRACE AMOUNT.




$$
