735
CDUS46 KMTR 260035
CLISJC


CLIMATE REPORT
NATIONAL WEATHER SERVICE SAN FRANCISCO BAY AREA
535 PM PDT FRI MAY 25 2018


...................................

...THE SAN JOSE CA CLIMATE SUMMARY FOR MAY 25 2018...
VALID TODAY AS OF 0500 PM LOCAL TIME.

CLIMATE NORMAL PERIOD 1981 TO 2010
CLIMATE RECORD PERIOD 1893 TO 2018


WEATHER ITEM   OBSERVED TIME   RECORD YEAR NORMAL DEPARTURE LAST
                VALUE   (LST)  VALUE       VALUE  FROM      YEAR
                                                  NORMAL
..................................................................
TEMPERATURE (F)
 TODAY
  MAXIMUM         66    119 PM  95    1982  76    -10       68
  MINIMUM         56    606 AM  39    1893  54      2       55
  AVERAGE         61                        65     -4       62

PRECIPITATION (IN)
  TODAY            T             1.06 1934   0.01  -0.01      T
  MONTH TO DATE    T                         0.44  -0.44      T
  SINCE OCT 1      9.11                     15.43  -6.32    18.40
  SINCE JAN 1      7.54                     10.34  -2.80    14.02

SNOWFALL (IN)
  TODAY            0.0           0.0  1947
  MONTH TO DATE    0.0
  SINCE MAR 1      0.0
  SINCE JUL 1      0.0

DEGREE DAYS
 HEATING
  TODAY            4                         2      2        3
  MONTH TO DATE   63                        86    -23       51
  SINCE MAR 1    491                       558    -67      408
  SINCE JUL 1   1717                      2223   -506     1839

 COOLING
  TODAY            0                         2     -2        0
  MONTH TO DATE    4                        34    -30       69
  SINCE MAR 1     15                        51    -36       72
  SINCE JAN 1     15                        51    -36       72
..................................................................


WIND (MPH)
  RESULTANT WIND SPEED   2   RESULTANT WIND DIRECTION  SW (210)
  HIGHEST WIND SPEED    13   HIGHEST WIND DIRECTION    NW (320)
  HIGHEST GUST SPEED    17   HIGHEST GUST DIRECTION    NW (320)
  AVERAGE WIND SPEED     6.1


SKY COVER
  POSSIBLE SUNSHINE  MM
  AVERAGE SKY COVER 1.0


WEATHER CONDITIONS
 THE FOLLOWING WEATHER WAS RECORDED TODAY.
  NO SIGNIFICANT WEATHER WAS OBSERVED.


RELATIVE HUMIDITY (PERCENT)
 HIGHEST    77           500 AM
 LOWEST     52          1200 PM
 AVERAGE    65

..........................................................


THE SAN JOSE CA CLIMATE NORMALS FOR TOMORROW
                         NORMAL    RECORD    YEAR
 MAXIMUM TEMPERATURE (F)   76        95      1896
 MINIMUM TEMPERATURE (F)   54        40      1897


SUNRISE AND SUNSET
MAY 25 2018...........SUNRISE   552 AM PDT   SUNSET   818 PM PDT
MAY 26 2018...........SUNRISE   551 AM PDT   SUNSET   819 PM PDT


-  INDICATES NEGATIVE NUMBERS.
R  INDICATES RECORD WAS SET OR TIED.
MM INDICATES DATA IS MISSING.
T  INDICATES TRACE AMOUNT.




$$
