000
CDUS46 KSGX 231124
CLISNA


CLIMATE REPORT
NATIONAL WEATHER SERVICE SAN DIEGO, CA
424 AM PDT WED MAY 23 2018


...................................

...THE JOHN WAYNE AIRPORT CA CLIMATE SUMMARY FOR MAY 22 2018...

CLIMATE NORMAL PERIOD 1981 TO 2010
CLIMATE RECORD PERIOD 1999 TO 2018


WEATHER ITEM   OBSERVED TIME   RECORD YEAR NORMAL DEPARTURE LAST
                VALUE   (LST)  VALUE       VALUE  FROM      YEAR
                                                  NORMAL
..................................................................
TEMPERATURE (F)
 YESTERDAY
  MAXIMUM         67    239 PM  79    2005  72     -5       75
  MINIMUM         59   1258 AM  54    2002  59      0       60
  AVERAGE         63                        66     -3       68

PRECIPITATION (IN)
  YESTERDAY        0.00          0.57 2006   0.00   0.00     0.00
  MONTH TO DATE    0.06                      0.22  -0.16     0.08
  SINCE OCT 1      2.77                     12.95 -10.18    15.88
  SINCE JAN 1      2.76                      8.87  -6.11     9.69

DEGREE DAYS
 HEATING
  YESTERDAY        2                         1      1        0
  MONTH TO DATE   35                        33      2       23
  SINCE MAR 1    242                       334    -92      137
  SINCE JUL 1    706                      1240   -534      878

 COOLING
  YESTERDAY        0                         1     -1        3
  MONTH TO DATE   15                        22     -7       39
  SINCE MAR 1     42                        43     -1      100
  SINCE JAN 1     68                        51     17      100
..................................................................


WIND (MPH)
  RESULTANT WIND SPEED   5   RESULTANT WIND DIRECTION   S (190)
  HIGHEST WIND SPEED    13   HIGHEST WIND DIRECTION     S (200)
  HIGHEST GUST SPEED    18   HIGHEST GUST DIRECTION     S (190)
  AVERAGE WIND SPEED     6.7


SKY COVER
  POSSIBLE SUNSHINE  MM
  AVERAGE SKY COVER 0.9


WEATHER CONDITIONS
 THE FOLLOWING WEATHER WAS RECORDED YESTERDAY.
  NO SIGNIFICANT WEATHER WAS OBSERVED.


RELATIVE HUMIDITY (PERCENT)
 HIGHEST    78           200 AM
 LOWEST     56           200 PM
 AVERAGE    67

..........................................................


THE JOHN WAYNE AIRPORT CA CLIMATE NORMALS FOR TODAY
                         NORMAL    RECORD    YEAR
 MAXIMUM TEMPERATURE (F)   72        79      2017
 MINIMUM TEMPERATURE (F)   59        54      2008


SUNRISE AND SUNSET
MAY 23 2018...........SUNRISE   546 AM PDT   SUNSET   751 PM PDT
MAY 24 2018...........SUNRISE   545 AM PDT   SUNSET   752 PM PDT


-  INDICATES NEGATIVE NUMBERS.
R  INDICATES RECORD WAS SET OR TIED.
MM INDICATES DATA IS MISSING.
T  INDICATES TRACE AMOUNT.




$$
