000
CDUS45 KPIH 202324
CLISNT


CLIMATE REPORT
NATIONAL WEATHER SERVICE POCATELLO ID
522 PM MDT SUN MAY 20 2018


...................................

...THE STANLEY ID CLIMATE SUMMARY FOR MAY 20 2018...
VALID TODAY AS OF 0500 PM LOCAL TIME.

CLIMATE NORMAL PERIOD 1981 TO 2010
CLIMATE RECORD PERIOD 1916 TO 2018


WEATHER ITEM   OBSERVED TIME   RECORD YEAR NORMAL DEPARTURE LAST
                VALUE   (LST)  VALUE       VALUE  FROM      YEAR
                                                  NORMAL
..................................................................
TEMPERATURE (F)
 TODAY
  MAXIMUM         66    252 PM  77    1919  59      7       61
  MINIMUM         33    444 AM  18    2003  29      4       28
                                      1918
  AVERAGE         50                        44      6       45

PRECIPITATION (IN)
  TODAY            0.02          0.80 1923   0.06  -0.04     0.00
  MONTH TO DATE    0.79                      1.13  -0.34     1.14
  SINCE OCT 1     17.01                     12.82   4.19    26.66
  SINCE JAN 1      8.77                      7.97   0.80    15.33

SNOWFALL (IN)
  TODAY           MM
  MONTH TO DATE   MM
  SINCE MAR 1     MM
  SINCE JUL 1     MM
  SNOW DEPTH      MM

DEGREE DAYS
 HEATING
  TODAY           15                        21     -6       20
  MONTH TO DATE  347                       470   -123      425
  SINCE MAR 1   2419                      2596   -177     2377
  SINCE JUL 1   9064                     10130  -1066     9634

 COOLING
  TODAY            0                         0      0        0
  MONTH TO DATE    0                         0      0        0
  SINCE MAR 1      0                         0      0        0
  SINCE JAN 1      0                         0      0        0
..................................................................


WIND (MPH)
  HIGHEST WIND SPEED    15   HIGHEST WIND DIRECTION    SW (240)
  HIGHEST GUST SPEED    22   HIGHEST GUST DIRECTION    SW (240)
  AVERAGE WIND SPEED     2.7


SKY COVER
  POSSIBLE SUNSHINE  MM
  AVERAGE SKY COVER 0.0


WEATHER CONDITIONS
 THE FOLLOWING WEATHER WAS RECORDED TODAY.
  NO SIGNIFICANT WEATHER WAS OBSERVED.


RELATIVE HUMIDITY (PERCENT)
 HIGHEST   100           500 AM
 LOWEST     34           300 PM
 AVERAGE    67

..........................................................


THE STANLEY ID CLIMATE NORMALS FOR TOMORROW
                         NORMAL    RECORD    YEAR
 MAXIMUM TEMPERATURE (F)   60        77      1980
 MINIMUM TEMPERATURE (F)   30        19      1968


SUNRISE AND SUNSET
MAY 20 2018...........SUNRISE   608 AM MDT   SUNSET   905 PM MDT
MAY 21 2018...........SUNRISE   607 AM MDT   SUNSET   906 PM MDT


-  INDICATES NEGATIVE NUMBERS.
R  INDICATES RECORD WAS SET OR TIED.
MM INDICATES DATA IS MISSING.
T  INDICATES TRACE AMOUNT.




$$
