858
CDUS44 KOUN 270635
CLISPS

CLIMATE REPORT
NATIONAL WEATHER SERVICE NORMAN OK
134 AM CDT SUN MAY 27 2018


...................................

...THE WICHITA FALLS CLIMATE SUMMARY FOR MAY 26 2018...

CLIMATE NORMAL PERIOD 1981 TO 2010
CLIMATE RECORD PERIOD 1897 TO 2018


WEATHER ITEM   OBSERVED TIME   RECORD YEAR NORMAL DEPARTURE LAST
                VALUE   (LST)  VALUE       VALUE  FROM      YEAR
                                                  NORMAL
..................................................................
TEMPERATURE (F)
 YESTERDAY
  MAXIMUM         94    449 PM 102    1990  86      8       93
                                      1963
  MINIMUM         64    603 AM  51    1946  63      1       71
  AVERAGE         79                        74      5       82

PRECIPITATION (IN)
  YESTERDAY        0.00          3.98 1915   0.13  -0.13     0.00
  MONTH TO DATE    4.22                      3.08   1.14     4.55
  SINCE MAR 1      8.55                      7.89   0.66     6.34
  SINCE JAN 1     11.41                     10.78   0.63    10.31

SNOWFALL (IN)
  YESTERDAY        0.0           0.0  2002   0.0    0.0      0.0
  MONTH TO DATE    0.0                       0.0    0.0      0.0
  SINCE MAR 1      0.0                       0.5   -0.5      0.0
  SINCE JUL 1      1.0                       3.9   -2.9       T

DEGREE DAYS
 HEATING
  YESTERDAY        0                         0      0        0
  MONTH TO DATE    0                        20    -20       13
  SINCE MAR 1    490                       519    -29      318
  SINCE JUL 1   2876                      2965    -89     2162

 COOLING
  YESTERDAY       14                        10      4       17
  MONTH TO DATE  275                       174    101      143
  SINCE MAR 1    348                       263     85      274
  SINCE JAN 1    357                       266     91      292
..................................................................


WIND (MPH)
  HIGHEST WIND SPEED    13   HIGHEST WIND DIRECTION    SE (120)
  HIGHEST GUST SPEED    19   HIGHEST GUST DIRECTION    SE (120)
  AVERAGE WIND SPEED     6.5


SKY COVER
  AVERAGE SKY COVER 0.0


WEATHER CONDITIONS
 THE FOLLOWING WEATHER WAS RECORDED YESTERDAY.
  NO SIGNIFICANT WEATHER WAS OBSERVED.


RELATIVE HUMIDITY (PERCENT)
 HIGHEST    87           200 AM
 LOWEST     41           300 PM
 AVERAGE    64

..........................................................


THE WICHITA FALLS CLIMATE NORMALS FOR TODAY
                         NORMAL    RECORD    YEAR
 MAXIMUM TEMPERATURE (F)   87       106      2011
                                             1927
 MINIMUM TEMPERATURE (F)   63        45      1961


SUNRISE AND SUNSET
MAY 27 2018...........SUNRISE   626 AM CDT   SUNSET   837 PM CDT
MAY 28 2018...........SUNRISE   625 AM CDT   SUNSET   838 PM CDT


-  INDICATES NEGATIVE NUMBERS.
R  INDICATES RECORD WAS SET OR TIED.
MM INDICATES DATA IS MISSING.
T  INDICATES TRACE AMOUNT.




$$
