000
CDUS42 KJAX 190527
CLISSI


CLIMATE REPORT
NATIONAL WEATHER SERVICE JACKSONVILLE FL
126 AM EDT THU APR 19 2018


...................................

...THE ST SIMONS ISLAND CLIMATE SUMMARY FOR APRIL 18 2018...

CLIMATE NORMAL PERIOD 1981 TO 2010
CLIMATE RECORD PERIOD 1948 TO 2018


WEATHER ITEM   OBSERVED TIME   RECORD YEAR NORMAL DEPARTURE LAST
                VALUE   (LST)  VALUE       VALUE  FROM      YEAR
                                                  NORMAL
..................................................................
TEMPERATURE (F)
 YESTERDAY
  MAXIMUM         84    114 PM  92    1967  75      9       79
  MINIMUM         55    624 AM  41    2001  59     -4       64
  AVERAGE         70                        67      3       72

PRECIPITATION (IN)
  YESTERDAY        0.00          3.11 2014   0.08  -0.08     0.00
  MONTH TO DATE    2.89                      1.65   1.24     1.51
  SINCE MAR 1      4.69                      5.53  -0.84     2.17
  SINCE JAN 1      9.48                     12.22  -2.74     8.03

SNOWFALL (IN)
  YESTERDAY        0.0           0.0    MM                   0.0
  MONTH TO DATE    0.0                                       0.0
  SINCE MAR 1      0.0                                       0.0
  SINCE JUL 1      0.0                                       0.0
  SNOW DEPTH       0

DEGREE DAYS
 HEATING
  YESTERDAY        0                         2     -2        0
  MONTH TO DATE   44                        45     -1       12
  SINCE MAR 1    242                       222     20      166
  SINCE JUL 1   1295                      1473   -178      781

 COOLING
  YESTERDAY        5                         4      1        7
  MONTH TO DATE   42                        47     -5       87
  SINCE MAR 1     73                        78     -5      172
  SINCE JAN 1    135                        87     48      224
..................................................................


WIND (MPH)
  HIGHEST WIND SPEED    16   HIGHEST WIND DIRECTION    SW (220)
  HIGHEST GUST SPEED    23   HIGHEST GUST DIRECTION    SW (220)
  AVERAGE WIND SPEED    10.5


SKY COVER
  POSSIBLE SUNSHINE  MM
  AVERAGE SKY COVER 0.0


WEATHER CONDITIONS
 THE FOLLOWING WEATHER WAS RECORDED YESTERDAY.
  NO SIGNIFICANT WEATHER WAS OBSERVED.


RELATIVE HUMIDITY (PERCENT)
 HIGHEST    80           700 AM
 LOWEST     26           100 PM
 AVERAGE    53

..........................................................


THE ST SIMONS ISLAND CLIMATE NORMALS FOR TODAY
                         NORMAL    RECORD    YEAR
 MAXIMUM TEMPERATURE (F)   76        89      1981
 MINIMUM TEMPERATURE (F)   59        41      1983


SUNRISE AND SUNSET
APRIL 19 2018.........SUNRISE   653 AM EDT   SUNSET   757 PM EDT
APRIL 20 2018.........SUNRISE   652 AM EDT   SUNSET   757 PM EDT


-  INDICATES NEGATIVE NUMBERS.
R  INDICATES RECORD WAS SET OR TIED.
MM INDICATES DATA IS MISSING.
T  INDICATES TRACE AMOUNT.




$$
