000
CDUS41 KBGM 250217
CLISYR


CLIMATE REPORT
NATIONAL WEATHER SERVICE BINGHAMTON NY
1017 PM EDT THU MAY 24 2018


...................................

...THE SYRACUSE NY CLIMATE SUMMARY FOR MAY 24 2018...
VALID AS OF 1000 PM LOCAL TIME.

CLIMATE NORMAL PERIOD 1981 TO 2010
CLIMATE RECORD PERIOD 1902 TO 2018


WEATHER ITEM   OBSERVED TIME   RECORD YEAR NORMAL DEPARTURE LAST
                VALUE   (LST)  VALUE       VALUE  FROM      YEAR
                                                  NORMAL
..................................................................
TEMPERATURE (F)
 TODAY
  MAXIMUM         79    457 PM  89    2007  71      8       76
                                      1991
                                      1975
  MINIMUM         47    508 AM  30    1963  49     -2       50
  AVERAGE         63                        60      3       63

PRECIPITATION (IN)
  TODAY            0.00          1.36 2003   0.11  -0.11     0.00
  MONTH TO DATE    1.86                      2.47  -0.61     3.90
  SINCE MAR 1      8.20                      8.61  -0.41    12.70
  SINCE JAN 1     14.27                     13.18   1.09    19.28

SNOWFALL (IN)
  TODAY            0.0           T    2013   0.0    0.0      0.0
                                      2000
  MONTH TO DATE    0.0                       0.1   -0.1      0.0
  SINCE MAR 1     46.1                      21.9   24.2     31.2
  SINCE JUL 1    153.6                     123.8   29.8    134.9
  SNOW DEPTH       0

DEGREE DAYS
 HEATING
  TODAY            2                         6     -4        2
  MONTH TO DATE  120                       218    -98      277
  SINCE MAR 1   1926                      1722    204     1775
  SINCE JUL 1   6593                      6553     40     6044

 COOLING
  TODAY            0                         1     -1        0
  MONTH TO DATE   15                        14      1       18
  SINCE MAR 1     15                        18     -3       30
  SINCE JAN 1     15                        18     -3       30
..................................................................


WIND (MPH)
  HIGHEST WIND SPEED    15   HIGHEST WIND DIRECTION     W (260)
  HIGHEST GUST SPEED    18   HIGHEST GUST DIRECTION     W (260)
  AVERAGE WIND SPEED     5.0


SKY COVER
  POSSIBLE SUNSHINE  MM
  AVERAGE SKY COVER 0.1


WEATHER CONDITIONS
 THE FOLLOWING WEATHER WAS RECORDED TODAY.
  NO SIGNIFICANT WEATHER WAS OBSERVED.


RELATIVE HUMIDITY (PERCENT)
 HIGHEST   100           500 AM
 LOWEST     38          1100 AM
 AVERAGE    69

..........................................................


THE SYRACUSE NY CLIMATE NORMALS FOR TOMORROW
                         NORMAL    RECORD    YEAR
 MAXIMUM TEMPERATURE (F)   72        88      2007
                                             1932
 MINIMUM TEMPERATURE (F)   49        33      1992


SUNRISE AND SUNSET
MAY 24 2018...........SUNRISE   533 AM EDT   SUNSET   830 PM EDT
MAY 25 2018...........SUNRISE   532 AM EDT   SUNSET   831 PM EDT


-  INDICATES NEGATIVE NUMBERS.
R  INDICATES RECORD WAS SET OR TIED.
MM INDICATES DATA IS MISSING.
T  INDICATES TRACE AMOUNT.




$$
