000
CDUS44 KBMX 210740
CLITCL


CLIMATE REPORT
NATIONAL WEATHER SERVICE BIRMINGHAM, AL
239 AM CDT SAT APR 21 2018


...................................

...THE TUSCALOOSA CLIMATE SUMMARY FOR APRIL 20 2018...

CLIMATE NORMAL PERIOD 1981 TO 2010
CLIMATE RECORD PERIOD 1948 TO 2018


WEATHER ITEM   OBSERVED TIME   RECORD YEAR NORMAL DEPARTURE LAST
                VALUE   (LST)  VALUE       VALUE  FROM      YEAR
                                                  NORMAL
..................................................................
TEMPERATURE (F)
 YESTERDAY
  MAXIMUM         74    316 PM  89    2006  77     -3       87
                                      1987
  MINIMUM         41    526 AM  34    1953  51    -10       59
  AVERAGE         58                        64     -6       73

PRECIPITATION (IN)
  YESTERDAY        0.00          2.17 1992   0.14  -0.14     0.00
  MONTH TO DATE    4.62                      2.88   1.74     5.67
  SINCE MAR 1      8.44                      7.42   1.02     9.39
  SINCE JAN 1     20.24                     18.09   2.15    20.60

SNOWFALL (IN)
  YESTERDAY        0.0                       0.0    0.0
  MONTH TO DATE    0.0                       0.0    0.0
  SINCE MAR 1      0.0                       0.3   -0.3
  SINCE JUL 1      0.0                       0.7   -0.7

DEGREE DAYS
 HEATING
  YESTERDAY        7                         3      4
  MONTH TO DATE  119                        97     22
  SINCE MAR 1    394                       391      3
  SINCE JUL 1   2300                      2481   -181
..................................................................


WIND (MPH)
  HIGHEST WIND SPEED    14   HIGHEST WIND DIRECTION    NE (40)
  HIGHEST GUST SPEED    19   HIGHEST GUST DIRECTION     E (80)
  AVERAGE WIND SPEED     6.8


SKY COVER
  AVERAGE SKY COVER 0.0


WEATHER CONDITIONS
 THE FOLLOWING WEATHER WAS RECORDED YESTERDAY.
  NO SIGNIFICANT WEATHER WAS OBSERVED.


RELATIVE HUMIDITY (PERCENT)
 HIGHEST    82           300 AM
 LOWEST     25           300 PM
 AVERAGE    54

..........................................................


THE TUSCALOOSA CLIMATE NORMALS FOR TODAY
                         NORMAL    RECORD    YEAR
 MAXIMUM TEMPERATURE (F)   77        94      1987
 MINIMUM TEMPERATURE (F)   52        31      1953


SUNRISE AND SUNSET
APRIL 21 2018.........SUNRISE   613 AM CDT   SUNSET   725 PM CDT
APRIL 22 2018.........SUNRISE   612 AM CDT   SUNSET   726 PM CDT


-  INDICATES NEGATIVE NUMBERS.
R  INDICATES RECORD WAS SET OR TIED.
MM INDICATES DATA IS MISSING.
T  INDICATES TRACE AMOUNT.




$$
