000
CDUS44 KBMX 222133
CLITOI


CLIMATE REPORT
NATIONAL WEATHER SERVICE BIRMINGHAM, AL
433 PM CDT TUE MAY 22 2018


...................................

...THE TROY CLIMATE SUMMARY FOR MAY 22 2018...
VALID TODAY AS OF 0400 PM LOCAL TIME.

CLIMATE NORMAL PERIOD 1981 TO 2010
CLIMATE RECORD PERIOD 9999 TO 9999


WEATHER ITEM   OBSERVED TIME   RECORD YEAR NORMAL DEPARTURE LAST
                VALUE   (LST)  VALUE       VALUE  FROM      YEAR
                                                  NORMAL
..................................................................
TEMPERATURE (F)
 TODAY
  MAXIMUM         85    122 PM  MM      MM  85      0       85
  MINIMUM         69    458 AM  MM      MM  60      9       67
  AVERAGE         77                        73      4       76

PRECIPITATION (IN)
  TODAY            0.13                      0.12   0.01     0.01
  MONTH TO DATE    1.20                      2.08  -0.88     4.72
  SINCE MAR 1      7.68                     12.10  -4.42    10.64
  SINCE JAN 1     12.94                     21.23  -8.29    29.27

DEGREE DAYS
 COOLING
  TODAY           12                         8      4       11
  MONTH TO DATE  185                       127     58      130
  SINCE MAR 1    239                       199     40      312
  SINCE JAN 1    297                       204     93      334
..................................................................


WIND (MPH)
  HIGHEST WIND SPEED    15   HIGHEST WIND DIRECTION     N (340)
  HIGHEST GUST SPEED    17   HIGHEST GUST DIRECTION    SE (150)
  AVERAGE WIND SPEED     4.5


SKY COVER
  AVERAGE SKY COVER 0.8


WEATHER CONDITIONS
 THE FOLLOWING WEATHER WAS RECORDED TODAY.
  THUNDERSTORM
  HEAVY RAIN
  RAIN
  LIGHT RAIN
  FOG


RELATIVE HUMIDITY (PERCENT)
 HIGHEST   100          1200 AM
 LOWEST     65           100 PM
 AVERAGE    83

..........................................................


THE TROY CLIMATE NORMALS FOR TOMORROW
                         NORMAL    RECORD    YEAR
 MAXIMUM TEMPERATURE (F)   86        MM        MM
 MINIMUM TEMPERATURE (F)   61        MM        MM


SUNRISE AND SUNSET
MAY 22 2018...........SUNRISE   543 AM CDT   SUNSET   739 PM CDT
MAY 23 2018...........SUNRISE   542 AM CDT   SUNSET   740 PM CDT


-  INDICATES NEGATIVE NUMBERS.
R  INDICATES RECORD WAS SET OR TIED.
MM INDICATES DATA IS MISSING.
T  INDICATES TRACE AMOUNT.




$$
