000
CDUS44 KTSA 240653
CLITUL

CLIMATE REPORT
NATIONAL WEATHER SERVICE TULSA OK
152 AM CDT TUE APR 24 2018


...................................

...THE TULSA OKLAHOMA CLIMATE SUMMARY FOR APRIL 23 2018...

CLIMATE NORMAL PERIOD 1981 TO 2010
CLIMATE RECORD PERIOD 1882 TO 2018


WEATHER ITEM   OBSERVED TIME   RECORD YEAR NORMAL DEPARTURE LAST
                VALUE   (LST)  VALUE       VALUE  FROM      YEAR
                                                  NORMAL
..................................................................
TEMPERATURE (F)
 YESTERDAY
  MAXIMUM         75    428 PM  93    1958  74      1       71
  MINIMUM         50    350 AM  36    1909  52     -2       41
  AVERAGE         63                        63      0       56

PRECIPITATION (IN)
  YESTERDAY        0.00          3.22 1953   0.15  -0.15     0.00
  MONTH TO DATE    1.36                      2.70  -1.34     6.15
  SINCE MAR 1      4.67                      5.99  -1.32     7.92
  SINCE JAN 1      9.75                      9.50   0.25    12.52

SNOWFALL (IN)
  YESTERDAY        0.0                                       0.0
  MONTH TO DATE    0.1                                        T
  SINCE MAR 1      0.1                                        T
  SINCE JUL 1      2.1                                       0.7

DEGREE DAYS
 HEATING
  YESTERDAY        2                         4     -2        9
  MONTH TO DATE  318                       162    156       77
  SINCE MAR 1    687                       600     87      371
  SINCE JUL 1   3395                      3511   -116     2592

 COOLING
  YESTERDAY        0                         2     -2        0
  MONTH TO DATE   15                        35    -20       56
  SINCE MAR 1     18                        46    -28       96
  SINCE JAN 1     23                        47    -24      112
..................................................................


WIND (MPH)
  HIGHEST WIND SPEED    17   HIGHEST WIND DIRECTION     N (360)
  HIGHEST GUST SPEED    23   HIGHEST GUST DIRECTION     N (350)
  AVERAGE WIND SPEED     9.5


SKY COVER
  POSSIBLE SUNSHINE  MM
  AVERAGE SKY COVER 0.4


WEATHER CONDITIONS
 THE FOLLOWING WEATHER WAS RECORDED YESTERDAY.
  NO SIGNIFICANT WEATHER WAS OBSERVED.


RELATIVE HUMIDITY (PERCENT)
 HIGHEST    96           500 AM
 LOWEST     33           300 PM
 AVERAGE    65

..........................................................


THE TULSA OKLAHOMA CLIMATE NORMALS FOR TODAY
                         NORMAL    RECORD    YEAR
 MAXIMUM TEMPERATURE (F)   74        91      1975
 MINIMUM TEMPERATURE (F)   52        32      2013


SUNRISE AND SUNSET
APRIL 24 2018.........SUNRISE   639 AM CDT   SUNSET   805 PM CDT
APRIL 25 2018.........SUNRISE   638 AM CDT   SUNSET   806 PM CDT


-  INDICATES NEGATIVE NUMBERS.
R  INDICATES RECORD WAS SET OR TIED.
MM INDICATES DATA IS MISSING.
T  INDICATES TRACE AMOUNT.




$$

&&
...........................................................

THE TULSA PRECIPITATION NORMALS FOR TODAY
                       NORMAL    RECORD      YEAR
  TODAY                 0.15      2.88       2011
  MONTH TO DATE         2.85
  YEAR TO DATE          9.65
...........................................................
ALL DATA MEASURED AT THE TULSA INTERNATIONAL AIRPORT...
EXCEPT SNOWFALL...WHICH IS MEASURED AT THE NWS OFFICE.
