000
CDUS45 KTWC 240029
CLITUS

CLIMATE REPORT
NATIONAL WEATHER SERVICE TUCSON AZ
528 PM MST MON APR 23 2018


...................................

...THE TUCSON AZ CLIMATE SUMMARY FOR APRIL 23 2018...
VALID TODAY AS OF 0500 PM LOCAL TIME.

CLIMATE NORMAL PERIOD 1981 TO 2010
CLIMATE RECORD PERIOD 1895 TO 2018


WEATHER ITEM   OBSERVED TIME   RECORD YEAR NORMAL DEPARTURE LAST
                VALUE   (LST)  VALUE       VALUE  FROM      YEAR
                                                  NORMAL
..................................................................
TEMPERATURE (F)
 TODAY
  MAXIMUM         93    207 PM 100    2012  84      9       98
  MINIMUM         59    626 AM  37    1923  54      5       61
                                      1909
  AVERAGE         76                        69      7       80

PRECIPITATION (IN)
  TODAY            0.00          0.81 1905   0.01  -0.01     0.00
  MONTH TO DATE    0.00                      0.27  -0.27      T
  SINCE OCT 1      2.57                      5.19  -2.62     3.27
  SINCE JAN 1      1.98                      2.80  -0.82     1.59

DEGREE DAYS
 HEATING
  TODAY            0                         1     -1        0
  MONTH TO DATE   12                        53    -41       14
  SINCE MAR 1    115                       232   -117       61
  SINCE JUL 1    744                      1499   -755      942

 COOLING
  TODAY           11                         5      6       15
  MONTH TO DATE  156                        77     79      152
  SINCE MAR 1    200                       106     94      296
  SINCE JAN 1    204                       110     94      305
..................................................................


WIND (MPH)
  HIGHEST WIND SPEED    12   HIGHEST WIND DIRECTION     N (340)
  HIGHEST GUST SPEED    19   HIGHEST GUST DIRECTION     N (340)
  AVERAGE WIND SPEED     5.3


SKY COVER
  POSSIBLE SUNSHINE  MM
  AVERAGE SKY COVER 0.0


WEATHER CONDITIONS
 THE FOLLOWING WEATHER WAS RECORDED TODAY.
  NO SIGNIFICANT WEATHER WAS OBSERVED.


RELATIVE HUMIDITY (PERCENT)
 HIGHEST    33
 LOWEST      7
 AVERAGE    20

..........................................................


THE TUCSON AZ CLIMATE NORMALS FOR TOMORROW
                         NORMAL    RECORD    YEAR
 MAXIMUM TEMPERATURE (F)   85        99      1996
 MINIMUM TEMPERATURE (F)   54        35      1937


SUNRISE AND SUNSET
APRIL 23 2018.........SUNRISE   546 AM MST   SUNSET   659 PM MST
APRIL 24 2018.........SUNRISE   545 AM MST   SUNSET   700 PM MST


-  INDICATES NEGATIVE NUMBERS.
R  INDICATES RECORD WAS SET OR TIED.
MM INDICATES DATA IS MISSING.
T  INDICATES TRACE AMOUNT.




$$
