000
CDUS43 KAPX 232129
CLITVC


CLIMATE REPORT
NATIONAL WEATHER SERVICE GAYLORD MI
529 PM EDT MON APR 23 2018


...................................

...THE TRAVERSE CITY MI CLIMATE SUMMARY FOR APRIL 23 2018...
VALID TODAY AS OF 0500 PM LOCAL TIME.

CLIMATE NORMAL PERIOD 1981 TO 2010
CLIMATE RECORD PERIOD 1896 TO 2018


WEATHER ITEM   OBSERVED TIME   RECORD YEAR NORMAL DEPARTURE LAST
                VALUE   (LST)  VALUE       VALUE  FROM      YEAR
                                                  NORMAL
..................................................................
TEMPERATURE (F)
 TODAY
  MAXIMUM         62    114 PM  86    1925  57      5       52
  MINIMUM         31    615 AM  21    1986  35     -4       39
  AVERAGE         47                        46      1       46

PRECIPITATION (IN)
  TODAY            0.00          0.87 1944   0.09  -0.09     0.00
  MONTH TO DATE    3.12                      2.16   0.96     2.34
  SINCE MAR 1      3.92                      4.02  -0.10     4.07
  SINCE JAN 1      6.33                      8.34  -2.01     7.40

SNOWFALL (IN)
  TODAY           MM            MM      MM   0.1   MM       MM
  MONTH TO DATE   MM                         2.4   MM       MM
  SINCE OCT 1     MM                       101.1   MM       MM
  SINCE JUL 1     MM                       101.1   MM       MM

DEGREE DAYS
 HEATING
  TODAY           18                        19     -1       19
  MONTH TO DATE  749                       540    209      409
  SINCE MAR 1   1812                      1602    210     1442
  SINCE JUL 1   6715                      6942   -227     5615

 COOLING
  TODAY            0                         0      0        0
  MONTH TO DATE    0                         0      0        2
  SINCE MAR 1      0                         0      0        2
  SINCE JAN 1      0                         0      0        2
..................................................................


WIND (MPH)
  RESULTANT WIND SPEED   3   RESULTANT WIND DIRECTION   N (20)
  HIGHEST WIND SPEED     9   HIGHEST WIND DIRECTION     N (20)
  HIGHEST GUST SPEED    10   HIGHEST GUST DIRECTION    NE (40)
  AVERAGE WIND SPEED     2.6


SKY COVER
  POSSIBLE SUNSHINE  MM
  AVERAGE SKY COVER 0.4


WEATHER CONDITIONS
 THE FOLLOWING WEATHER WAS RECORDED TODAY.
  NO SIGNIFICANT WEATHER WAS OBSERVED.


RELATIVE HUMIDITY (PERCENT)
 HIGHEST    82           100 AM
 LOWEST     33          1200 PM
 AVERAGE    58

..........................................................




SUNRISE AND SUNSET
APRIL 23 2018.........SUNRISE   645 AM EDT   SUNSET   837 PM EDT
APRIL 24 2018.........SUNRISE   643 AM EDT   SUNSET   839 PM EDT


-  INDICATES NEGATIVE NUMBERS.
R  INDICATES RECORD WAS SET OR TIED.
MM INDICATES DATA IS MISSING.
T  INDICATES TRACE AMOUNT.




$$
