000
CDUS44 KJAN 250910
CLITVR


CLIMATE REPORT
NATIONAL WEATHER SERVICE JACKSON MS
408 AM CDT WED APR 25 2018


...................................

...THE VICKSBURG CLIMATE SUMMARY FOR APRIL 24 2018...

CLIMATE NORMAL PERIOD 1981 TO 2010
CLIMATE RECORD PERIOD 1948 TO 2018


WEATHER ITEM   OBSERVED TIME   RECORD YEAR NORMAL DEPARTURE LAST
                VALUE   (LST)  VALUE       VALUE  FROM      YEAR
                                                  NORMAL
..................................................................
TEMPERATURE (F)
 YESTERDAY
  MAXIMUM         74    325 PM  89    1999  78     -4       78
                                      1958
  MINIMUM         56    552 AM  39    2012  55      1       46
                                      2005
  AVERAGE         65                        67     -2       62

PRECIPITATION (IN)
  YESTERDAY        0.00          1.75 2001   0.16  -0.16     0.00
  MONTH TO DATE    5.36                      4.03   1.33     8.04
  SINCE MAR 1     11.30                      9.06   2.24    10.90
  SINCE JAN 1     24.71                     19.40   5.31    17.66

SNOWFALL (IN)
  YESTERDAY        0.0

DEGREE DAYS
 HEATING
  YESTERDAY        0                         2     -2        3
  MONTH TO DATE  118                        91     27       24
  SINCE MAR 1    314                       356    -42      198
  SINCE JUL 1   2200                      2332   -132     1474

 COOLING
  YESTERDAY        0                         4     -4        0
  MONTH TO DATE   26                        61    -35      110
  SINCE MAR 1     68                        84    -16      196
  SINCE JAN 1    125                        93     32      247
..................................................................


WIND (MPH)
  HIGHEST WIND SPEED    13   HIGHEST WIND DIRECTION     N (360)
  HIGHEST GUST SPEED    17   HIGHEST GUST DIRECTION     N (10)
  AVERAGE WIND SPEED     4.7


SKY COVER
  POSSIBLE SUNSHINE  MM
  AVERAGE SKY COVER 0.4


WEATHER CONDITIONS
 THE FOLLOWING WEATHER WAS RECORDED YESTERDAY.
  FOG


RELATIVE HUMIDITY (PERCENT)
 HIGHEST   100           400 AM
 LOWEST     57           400 PM
 AVERAGE    79

..........................................................


THE VICKSBURG CLIMATE NORMALS FOR TODAY
                         NORMAL    RECORD    YEAR
 MAXIMUM TEMPERATURE (F)   78        92      1999
 MINIMUM TEMPERATURE (F)   56        40      1983


SUNRISE AND SUNSET
APRIL 25 2018.........SUNRISE   624 AM CDT   SUNSET   741 PM CDT
APRIL 26 2018.........SUNRISE   623 AM CDT   SUNSET   742 PM CDT


-  INDICATES NEGATIVE NUMBERS.
R  INDICATES RECORD WAS SET OR TIED.
MM INDICATES DATA IS MISSING.
T  INDICATES TRACE AMOUNT.




$$
