000
CDUS45 KBOI 250931
CLITWF


CLIMATE REPORT
NATIONAL WEATHER SERVICE BOISE ID
331 AM MDT WED APR 25 2018


...................................

...THE TWIN FALLS ID CLIMATE SUMMARY FOR APRIL 24 2018...

CLIMATE NORMAL PERIOD 1981 TO 2010
CLIMATE RECORD PERIOD 9999 TO 9999


WEATHER ITEM   OBSERVED TIME   NORMAL DEPARTURE LAST
                VALUE   (LST)  VALUE  FROM      YEAR
                                      NORMAL
......................................................
TEMPERATURE (F)
 YESTERDAY
  MAXIMUM         64    419 PM  63      1       53
  MINIMUM         36   1159 PM  37     -1       39
  AVERAGE         50

PRECIPITATION (IN)
  YESTERDAY        0.00          0.04  -0.04     0.13
  MONTH TO DATE    0.54          0.88  -0.34     0.85
  SINCE OCT 1      5.55          6.96  -1.41     9.46
  SINCE JAN 1      2.99          3.71  -0.72     4.96

DEGREE DAYS
 HEATING
  YESTERDAY       15            15      0       19
  MONTH TO DATE  432           424      8      467
  SINCE MAR 1   1211          1146     65     1081
  SINCE JUL 1   5743          5713     30     5861

 COOLING
  YESTERDAY        0             0      0        0
  MONTH TO DATE    0             0      0        0
  SINCE MAR 1      0             0      0        0
  SINCE JAN 1      0             0      0        0
......................................................


WIND (MPH)
  HIGHEST WIND SPEED    26   HIGHEST WIND DIRECTION     E (70)
  HIGHEST GUST SPEED    35   HIGHEST GUST DIRECTION     E (70)
  AVERAGE WIND SPEED    14.4


SKY COVER
  AVERAGE SKY COVER 0.0


WEATHER CONDITIONS
 THE FOLLOWING WEATHER WAS RECORDED YESTERDAY.
  NO SIGNIFICANT WEATHER WAS OBSERVED.


RELATIVE HUMIDITY (PERCENT)
 HIGHEST    85           100 AM
 LOWEST     25           600 PM
 AVERAGE    55

..........................................................




SUNRISE AND SUNSET
APRIL 25 2018.........SUNRISE   641 AM MDT   SUNSET   831 PM MDT
APRIL 26 2018.........SUNRISE   640 AM MDT   SUNSET   832 PM MDT


-  INDICATES NEGATIVE NUMBERS.
R  INDICATES RECORD WAS SET OR TIED.
MM INDICATES DATA IS MISSING.
T  INDICATES TRACE AMOUNT.




$$
