000
CDUS44 KSHV 220742
CLITXK


CLIMATE REPORT
NATIONAL WEATHER SERVICE SHREVEPORT, LA
242 AM CDT TUE MAY 22 2018


...................................

...THE TEXARKANA CLIMATE SUMMARY FOR MAY 21 2018...

CLIMATE NORMAL PERIOD 1981 TO 2010
CLIMATE RECORD PERIOD 1896 TO 2018


WEATHER ITEM   OBSERVED TIME   RECORD YEAR NORMAL DEPARTURE LAST
                VALUE   (LST)  VALUE       VALUE  FROM      YEAR
                                                  NORMAL
..................................................................
TEMPERATURE (F)
 YESTERDAY
  MAXIMUM         88    223 PM  96    1921  84      4       79
  MINIMUM         70   1155 PM  46    1931  63      7       60
  AVERAGE         79                        73      6       70

PRECIPITATION (IN)
  YESTERDAY        T             1.91 1983   0.15  -0.15     0.01
  MONTH TO DATE    1.31                      3.60  -2.29     2.87
  SINCE DEC 1     31.12                     24.18   6.94    25.91
  SINCE JAN 1     24.53                     19.13   5.40    19.49

SNOWFALL (IN)
  YESTERDAY        0.0
  MONTH TO DATE    0.0
  SINCE MAR 1      0.0
  SINCE JUL 1      2.0
  SNOW DEPTH       0

DEGREE DAYS
 HEATING
  YESTERDAY        0                         0      0        0
  MONTH TO DATE    0                        12    -12        9
  SINCE MAR 1    411                       421    -10      254
  SINCE JUL 1   2526                      2615    -89     1705

 COOLING
  YESTERDAY       14                         8      6        5
  MONTH TO DATE  235                       128    107      112
  SINCE MAR 1    281                       221     60      257
  SINCE JAN 1    295                       225     70      289
..................................................................


WIND (MPH)
  HIGHEST WIND SPEED    10   HIGHEST WIND DIRECTION    SW (210)
  HIGHEST GUST SPEED    14   HIGHEST GUST DIRECTION     S (160)
  AVERAGE WIND SPEED     3.3


SKY COVER
  POSSIBLE SUNSHINE  MM
  AVERAGE SKY COVER 0.4


WEATHER CONDITIONS
 THE FOLLOWING WEATHER WAS RECORDED YESTERDAY.
  LIGHT RAIN


RELATIVE HUMIDITY (PERCENT)
 HIGHEST   100           400 AM
 LOWEST     48           100 PM
 AVERAGE    74

..........................................................


THE TEXARKANA CLIMATE NORMALS FOR TODAY
                         NORMAL    RECORD    YEAR
 MAXIMUM TEMPERATURE (F)   84        96      1921
 MINIMUM TEMPERATURE (F)   63        49      1963


SUNRISE AND SUNSET
MAY 22 2018...........SUNRISE   611 AM CDT   SUNSET   814 PM CDT
MAY 23 2018...........SUNRISE   611 AM CDT   SUNSET   815 PM CDT


-  INDICATES NEGATIVE NUMBERS.
R  INDICATES RECORD WAS SET OR TIED.
MM INDICATES DATA IS MISSING.
T  INDICATES TRACE AMOUNT.




$$
