000
CDUS43 KLOT 240633
CLIUGN


CLIMATE REPORT
NATIONAL WEATHER SERVICE CHICAGO IL
132 AM CDT THU MAY 24 2018


...................................

...THE WAUKEGAN   CLIMATE SUMMARY FOR MAY 23 2018...

CLIMATE NORMAL PERIOD 1981 TO 2010
CLIMATE RECORD PERIOD 2000 TO 2018


WEATHER ITEM   OBSERVED TIME   RECORD YEAR NORMAL DEPARTURE LAST
                VALUE   (LST)  VALUE       VALUE  FROM      YEAR
                                                  NORMAL
..................................................................
TEMPERATURE (F)
 YESTERDAY
  MAXIMUM         72   1221 PM  86    2007  68      4       63
  MINIMUM         46    440 AM  38    2006  47     -1       50
  AVERAGE         59                        57      2       57

PRECIPITATION (IN)
  YESTERDAY        0.00          0.24 2004   0.14  -0.14     0.21
  MONTH TO DATE    7.97                      2.99   4.98     1.85
  SINCE MAR 1     10.36                      8.79   1.57     9.34
  SINCE JAN 1     13.54                     11.84   1.70    13.56

DEGREE DAYS
 HEATING
  YESTERDAY        6                         8     -2        8
  MONTH TO DATE  190                       252    -62      301
  SINCE MAR 1   1991                      1748    243     1643
  SINCE JUL 1   6668                      6694    -26     5755

 COOLING
  YESTERDAY        0                         1     -1        0
  MONTH TO DATE   17                        10      7       17
  SINCE MAR 1     17                        14      3       21
  SINCE JAN 1     17                        14      3       21
..................................................................


WIND (MPH)
  RESULTANT WIND SPEED   3   RESULTANT WIND DIRECTION  SE (130)
  HIGHEST WIND SPEED    12   HIGHEST WIND DIRECTION    SE (130)
  HIGHEST GUST SPEED    14   HIGHEST GUST DIRECTION    SE (120)
  AVERAGE WIND SPEED     3.6


SKY COVER
  POSSIBLE SUNSHINE  MM
  AVERAGE SKY COVER 0.1


WEATHER CONDITIONS
 THE FOLLOWING WEATHER WAS RECORDED YESTERDAY.
  FOG


RELATIVE HUMIDITY (PERCENT)
 HIGHEST   100
 LOWEST     57
 AVERAGE    79

..........................................................


THE WAUKEGAN   CLIMATE NORMALS FOR TODAY
                         NORMAL    RECORD    YEAR
 MAXIMUM TEMPERATURE (F)   68        88      2007
 MINIMUM TEMPERATURE (F)   47        35      2013


SUNRISE AND SUNSET
MAY 24 2018...........SUNRISE   522 AM CDT   SUNSET   815 PM CDT
MAY 25 2018...........SUNRISE   521 AM CDT   SUNSET   816 PM CDT


-  INDICATES NEGATIVE NUMBERS.
R  INDICATES RECORD WAS SET OR TIED.
MM INDICATES DATA IS MISSING.
T  INDICATES TRACE AMOUNT.




$$
