000
CDUS43 KSGF 260626
CLIVIH


CLIMATE REPORT
NATIONAL WEATHER SERVICE SPRINGFIELD MO
126 AM CDT THU APR 26 2018


...................................

...THE VICHY-ROLLA MO CLIMATE SUMMARY FOR APRIL 25 2018...

CLIMATE NORMAL PERIOD 1981 TO 2010
CLIMATE RECORD PERIOD 1888 TO 2018


WEATHER ITEM   OBSERVED TIME   RECORD YEAR NORMAL DEPARTURE LAST
                VALUE   (LST)  VALUE       VALUE  FROM      YEAR
                                                  NORMAL
..................................................................
TEMPERATURE (F)
 YESTERDAY
  MAXIMUM         60    100 PM  86    2012  69     -9       80
  MINIMUM         49   1159 PM  34    2013  47      2       54
  AVERAGE         55                        58     -3       67

PRECIPITATION (IN)
  YESTERDAY        0.22          1.36 1967   0.15   0.07     0.00
  MONTH TO DATE    1.97                      3.45  -1.48     3.31
  SINCE MAR 1      5.36                      6.90  -1.54     6.45
  SINCE JAN 1     12.41                     11.00   1.41     8.51

DEGREE DAYS
 HEATING
  YESTERDAY       10                         8      2        0
  MONTH TO DATE  441                       279    162      160
  SINCE MAR 1   1106                       893    213      663
  SINCE JUL 1   4681                      4683     -2     3649

 COOLING
  YESTERDAY        0                         1     -1        2
  MONTH TO DATE   10                        19     -9       32
  SINCE MAR 1     10                        23    -13       35
  SINCE JAN 1     10                        23    -13       36
..................................................................


WIND (MPH)
  HIGHEST WIND SPEED    14   HIGHEST WIND DIRECTION     W (290)
  HIGHEST GUST SPEED    17   HIGHEST GUST DIRECTION     W (290)
  AVERAGE WIND SPEED     7.4


SKY COVER
  AVERAGE SKY COVER 0.6


WEATHER CONDITIONS
 THE FOLLOWING WEATHER WAS RECORDED YESTERDAY.
  LIGHT RAIN
  FOG


RELATIVE HUMIDITY (PERCENT)
 HIGHEST   100          1000 PM
 LOWEST     53           100 PM
 AVERAGE    77

..........................................................


THE VICHY-ROLLA MO CLIMATE NORMALS FOR TODAY
                         NORMAL    RECORD    YEAR
 MAXIMUM TEMPERATURE (F)   70        86      1994
 MINIMUM TEMPERATURE (F)   47        32      1976


SUNRISE AND SUNSET
APRIL 26 2018.........SUNRISE   617 AM CDT   SUNSET   754 PM CDT
APRIL 27 2018.........SUNRISE   615 AM CDT   SUNSET   754 PM CDT


-  INDICATES NEGATIVE NUMBERS.
R  INDICATES RECORD WAS SET OR TIED.
MM INDICATES DATA IS MISSING.
T  INDICATES TRACE AMOUNT.




$$
