000
CDUS43 KLOT 270642
CLIVPZ


CLIMATE REPORT
NATIONAL WEATHER SERVICE CHICAGO IL
141 AM CDT FRI APR 27 2018


...................................

...THE VALPARAISO CLIMATE SUMMARY FOR APRIL 26 2018...

CLIMATE NORMAL PERIOD 1981 TO 2010
CLIMATE RECORD PERIOD 1998 TO 2018


WEATHER ITEM   OBSERVED TIME   RECORD YEAR NORMAL DEPARTURE LAST
                VALUE   (LST)  VALUE       VALUE  FROM      YEAR
                                                  NORMAL
..................................................................
TEMPERATURE (F)
 YESTERDAY
  MAXIMUM         65        MM  83    2009  64      1       82
  MINIMUM         35        MM  32    2013  42     -7       61
  AVERAGE         50                        53     -3       72

PRECIPITATION (IN)
  YESTERDAY        0.00          0.75 2017   0.13  -0.13     0.75
  MONTH TO DATE    1.27                      2.91  -1.64     4.09
  SINCE MAR 1      2.28                      5.39  -3.11     7.14
  SINCE JAN 1      8.30                      8.56  -0.26    10.58

DEGREE DAYS
 HEATING
  YESTERDAY       15                        12      3        0
  MONTH TO DATE  587                       435    152      275
  SINCE MAR 1   1443                      1280    163     1057
  SINCE JUL 1   5745                      6012   -267     4771

 COOLING
  YESTERDAY        0                         0      0        7
  MONTH TO DATE    0                         0      0       13
  SINCE MAR 1      0                         0      0       13
  SINCE JAN 1      0                         0      0       13
..................................................................


WIND (MPH)
  RESULTANT WIND SPEED   4   RESULTANT WIND DIRECTION   N (10)
  HIGHEST WIND SPEED     8   HIGHEST WIND DIRECTION     N (360)
  HIGHEST GUST SPEED    MM   HIGHEST GUST DIRECTION    MM
  AVERAGE WIND SPEED     5.0



WEATHER CONDITIONS
 THE FOLLOWING WEATHER WAS RECORDED YESTERDAY.
  HAZE


..........................................................


THE VALPARAISO CLIMATE NORMALS FOR TODAY
                         NORMAL    RECORD    YEAR
 MAXIMUM TEMPERATURE (F)   64        76      2009
 MINIMUM TEMPERATURE (F)   42        28      2012


SUNRISE AND SUNSET
APRIL 27 2018.........SUNRISE   551 AM CDT   SUNSET   741 PM CDT
APRIL 28 2018.........SUNRISE   549 AM CDT   SUNSET   742 PM CDT


-  INDICATES NEGATIVE NUMBERS.
R  INDICATES RECORD WAS SET OR TIED.
MM INDICATES DATA IS MISSING.
T  INDICATES TRACE AMOUNT.




$$
