000
CDUS41 KBTV 200540
CLIVSF


CLIMATE REPORT
NATIONAL WEATHER SERVICE BURLINGTON VT
139 AM EDT SUN MAY 20 2018


...................................

...THE SPRINGFIELD VT CLIMATE SUMMARY FOR MAY 19 2018...

CLIMATE NORMAL PERIOD 1981 TO 2010
CLIMATE RECORD PERIOD 9999 TO 9999


WEATHER ITEM   OBSERVED TIME   NORMAL DEPARTURE LAST
                VALUE   (LST)  VALUE  FROM      YEAR
                                      NORMAL
......................................................
TEMPERATURE (F)
 YESTERDAY
  MAXIMUM         59   1155 AM  68     -9       80
  MINIMUM         38    437 AM  44     -6       49
  AVERAGE         49            56     -7       65

PRECIPITATION (IN)
  YESTERDAY        0.39          0.12   0.27     0.02
  MONTH TO DATE    0.65          1.99  -1.34     3.68
  SINCE MAR 1      7.04          8.91  -1.87    10.79
  SINCE JAN 1     12.78         14.52  -1.74    14.34

DEGREE DAYS
 HEATING
  YESTERDAY       16             9      7        0
  MONTH TO DATE  139           223    -84      239
  SINCE MAR 1   1905          1884     21     1852
  SINCE JUL 1   7119          7329   -210     6729

 COOLING
  YESTERDAY        0             0      0        0
  MONTH TO DATE   10             0     10       14
  SINCE MAR 1     10             2      8       14
  SINCE JAN 1     10             2      8       14
......................................................


WIND (MPH)
  HIGHEST WIND SPEED    12   HIGHEST WIND DIRECTION     S (180)
  HIGHEST GUST SPEED    16   HIGHEST GUST DIRECTION     S (170)
  AVERAGE WIND SPEED     1.9


SKY COVER
  AVERAGE SKY COVER 0.5


WEATHER CONDITIONS
 THE FOLLOWING WEATHER WAS RECORDED YESTERDAY.
  HEAVY RAIN
  RAIN
  LIGHT RAIN
  FOG


RELATIVE HUMIDITY (PERCENT)
 HIGHEST   100           500 PM
 LOWEST     36          1000 AM
 AVERAGE    68

..........................................................


THE SPRINGFIELD VT CLIMATE NORMALS FOR TODAY
                         NORMAL    RECORD    YEAR
 MAXIMUM TEMPERATURE (F)   69        87      2012
 MINIMUM TEMPERATURE (F)   44        27      2002


SUNRISE AND SUNSET
MAY 20 2018...........SUNRISE   521 AM EDT   SUNSET   813 PM EDT
MAY 21 2018...........SUNRISE   520 AM EDT   SUNSET   814 PM EDT


-  INDICATES NEGATIVE NUMBERS.
R  INDICATES RECORD WAS SET OR TIED.
MM INDICATES DATA IS MISSING.
T  INDICATES TRACE AMOUNT.




$$
