024
CDUS41 KAKQ 240535
CLIWAL


CLIMATE REPORT
NATIONAL WEATHER SERVICE WAKEFIELD, VA
135 AM EDT TUE APR 24 2018


...................................

...THE WALLOPS ISLAND VA CLIMATE SUMMARY FOR APRIL 23 2018...

CLIMATE NORMAL PERIOD 1981 TO 2010
CLIMATE RECORD PERIOD 1963 TO 2018


WEATHER ITEM   OBSERVED TIME   RECORD YEAR NORMAL DEPARTURE
                VALUE   (LST)  VALUE       VALUE  FROM
                                                  NORMAL
...............................................................
TEMPERATURE (F)
 YESTERDAY
  MAXIMUM         64   1151 AM  85    1976  65     -1
  MINIMUM         45    421 AM  34    1994  47     -2
  AVERAGE         55                        56     -1

PRECIPITATION (IN)
  YESTERDAY        0.00          0.60        0.10  -0.10
  MONTH TO DATE    1.85                      2.45  -0.60
  SINCE MAR 1      5.37                      6.45  -1.08
  SINCE JAN 1     10.89                     12.25  -1.36

SNOWFALL (IN)
  YESTERDAY        0.0           0.0    MM   0.0    0.0
  MONTH TO DATE    T                         0.1   -0.1
  SINCE NOV 1     11.8                       7.9    3.9
  SINCE JUL 1     11.8                       7.9    3.9

DEGREE DAYS
 HEATING
  YESTERDAY       10                                1
  MONTH TO DATE  299                               14
  SINCE MAR 1    970                               66
  SINCE JUL 1   3797                             -187

 COOLING
  YESTERDAY        0                               -1
  MONTH TO DATE    3                                2
  SINCE MAR 1      3                                1
  SINCE JAN 1      4                                2
...............................................................


WIND (MPH)
  HIGHEST WIND SPEED    20   HIGHEST WIND DIRECTION    SE (130)
  HIGHEST GUST SPEED    26   HIGHEST GUST DIRECTION    SE (130)
  AVERAGE WIND SPEED     9.5




RELATIVE HUMIDITY (PERCENT)
 HIGHEST    86
 LOWEST     36
 AVERAGE    61

..........................................................


THE WALLOPS ISLAND VA CLIMATE NORMALS FOR TODAY
                         NORMAL    RECORD    YEAR
 MAXIMUM TEMPERATURE (F)   65        85      2011
 MINIMUM TEMPERATURE (F)   47        36      2003


SUNRISE AND SUNSET
APRIL 24 2018.........SUNRISE   614 AM EDT   SUNSET   746 PM EDT
APRIL 25 2018.........SUNRISE   613 AM EDT   SUNSET   747 PM EDT


-  INDICATES NEGATIVE NUMBERS.
R  INDICATES RECORD WAS SET OR TIED.
MM INDICATES DATA IS MISSING.
T  INDICATES TRACE AMOUNT.




$$
