000
CDUS45 KRIW 240741
CLIWRL


CLIMATE REPORT
NATIONAL WEATHER SERVICE RIVERTON WY
140 AM MDT TUE APR 24 2018


...................................

...THE WORLAND WY CLIMATE SUMMARY FOR APRIL 23 2018...

CLIMATE NORMAL PERIOD 1981 TO 2010
CLIMATE RECORD PERIOD 1947 TO 2018


WEATHER ITEM   OBSERVED TIME   RECORD YEAR NORMAL DEPARTURE LAST
                VALUE   (LST)  VALUE       VALUE  FROM      YEAR
                                                  NORMAL
..................................................................
TEMPERATURE (F)
 YESTERDAY
  MAXIMUM         52   1201 AM  88    2012  62    -10       69
  MINIMUM         34   1159 PM   4    2013  33      1       39
  AVERAGE         43                        48     -5       54

PRECIPITATION (IN)
  YESTERDAY        0.13          0.58 2016   0.04   0.09     0.00
  MONTH TO DATE    0.55                      0.57  -0.02     2.03
  SINCE MAR 1      1.21                      1.03   0.18     3.01
  SINCE JAN 1      1.53                      1.45   0.08     3.41

DEGREE DAYS
 HEATING
  YESTERDAY       22                        17      5       11
  MONTH TO DATE  541                       469     72      418
  SINCE MAR 1   1467                      1354    113     1088
  SINCE JUL 1   7794                      7355    439     6963

 COOLING
  YESTERDAY        0                         0      0        0
  MONTH TO DATE    0                         0      0        0
  SINCE MAR 1      0                         0      0        0
  SINCE JAN 1      0                         0      0        0
..................................................................


WIND (MPH)
  HIGHEST WIND SPEED    29   HIGHEST WIND DIRECTION    NW (320)
  HIGHEST GUST SPEED    36   HIGHEST GUST DIRECTION    NW (320)
  AVERAGE WIND SPEED    14.2


SKY COVER
  POSSIBLE SUNSHINE  MM
  AVERAGE SKY COVER 0.5


WEATHER CONDITIONS
 THE FOLLOWING WEATHER WAS RECORDED YESTERDAY.
  LIGHT RAIN
  FOG


RELATIVE HUMIDITY (PERCENT)
 HIGHEST   100          1100 AM
 LOWEST     46          1200 AM
 AVERAGE    73

..........................................................


THE WORLAND WY CLIMATE NORMALS FOR TODAY
                         NORMAL    RECORD    YEAR
 MAXIMUM TEMPERATURE (F)   63        85      1974
 MINIMUM TEMPERATURE (F)   34        22      2011
                                             2008


SUNRISE AND SUNSET
APRIL 24 2018.........SUNRISE   614 AM MDT   SUNSET   807 PM MDT
APRIL 25 2018.........SUNRISE   612 AM MDT   SUNSET   808 PM MDT


-  INDICATES NEGATIVE NUMBERS.
R  INDICATES RECORD WAS SET OR TIED.
MM INDICATES DATA IS MISSING.
T  INDICATES TRACE AMOUNT.




$$
