000
CDAK47 PAJK 211145
CLIYAK
CLIMATE REPORT
NATIONAL WEATHER SERVICE JUNEAU, AK
345 AM AKDT MON MAY 21 2018


...................................

...THE YAKUTAT CLIMATE SUMMARY FOR MAY 20 2018...

CLIMATE NORMAL PERIOD 1981 TO 2010
CLIMATE RECORD PERIOD 1917 TO 2018


WEATHER ITEM   OBSERVED RECORD YEAR NORMAL DEPARTURE LAST
                VALUE   VALUE       VALUE  FROM      YEAR
                                           NORMAL
...........................................................
TEMPERATURE (F)
 YESTERDAY
  MAXIMUM         51     76    2002  53     -2       50
  MINIMUM         45     27    2003  38      7       44
                               1971
                               1966
  AVERAGE         48                 46      2       47

PRECIPITATION (IN)
  YESTERDAY        0.66   2.08 1975   0.27   0.39     1.03
  MONTH TO DATE   11.60               5.37   6.23     4.48
  SINCE JAN 1     38.33              50.12 -11.79    36.37

DEGREE DAYS
 HEATING
  YESTERDAY       17                 19     -2       18
  MONTH TO DATE  377                430    -53      418
...........................................................


WIND (MPH)
  HIGHEST WIND SPEED    20   HIGHEST WIND DIRECTION    SE (130)
  HIGHEST GUST SPEED    30   HIGHEST GUST DIRECTION    SE (130)
  AVERAGE WIND SPEED     8.2


SKY COVER
  AVERAGE SKY COVER 1.0


WEATHER CONDITIONS
 THE FOLLOWING WEATHER WAS RECORDED YESTERDAY.
  RAIN
  LIGHT RAIN
  FOG


..........................................................


THE YAKUTAT CLIMATE NORMALS FOR TODAY
                         NORMAL    RECORD    YEAR
 MAXIMUM TEMPERATURE (F)   53        79      1963
 MINIMUM TEMPERATURE (F)   39        27      1966


SUNRISE AND SUNSET
MAY 21 2018...........SUNRISE   431 AM AKDT  SUNSET  1001 PM AKDT
MAY 22 2018...........SUNRISE   429 AM AKDT  SUNSET  1003 PM AKDT


-  INDICATES NEGATIVE NUMBERS.
R  INDICATES RECORD WAS SET OR TIED.
MM INDICATES DATA IS MISSING.
T  INDICATES TRACE AMOUNT.




$$
--------------------------------------------------------------

AMOUNT OF DAYLIGHT TODAY (HOUR:MIN)......... 17 HOURS 30 MINUTES
GAIN/LOSS SINCE YESTERDAY (HOUR:MIN:SEC).... +0:04:09

$$
