547
CXUS53 KABR 011810
CLMATY


CLIMATE REPORT
NATIONAL WEATHER SERVICE ABERDEEN SD
100 PM CDT SUN APR 1 2018

...................................

...THE WATERTOWN SD CLIMATE SUMMARY FOR THE MONTH OF MARCH 2018...

CLIMATE NORMAL PERIOD 1981 TO 2010
CLIMATE RECORD PERIOD 1898 TO 2018

WEATHER         OBSERVED          NORMAL  DEPART  LAST YEAR`S
                 VALUE   DATE(S)  VALUE   FROM    VALUE  DATE(S)
                                          NORMAL
................................................................
TEMPERATURE (F)
RECORD
 HIGH              82   03/18/2012
                        03/18/1921
                        03/23/1910
 LOW              -27   03/11/1948
HIGHEST            46   03/27        38       8       66  03/06
LOWEST              3   03/08        MM      MM       -4  03/14
AVG. MAXIMUM     34.4              38.9    -4.5     39.3
AVG. MINIMUM     20.7              19.9     0.8     20.8
MEAN             27.5              29.4    -1.9     30.1
DAYS MAX >= 90      0               0.0     0.0        0
DAYS MAX <= 32     10               8.8     1.2        9
DAYS MIN <= 32     30              27.5     2.5       26
DAYS MIN <= 0       0               2.2    -2.2        3

PRECIPITATION (INCHES)
RECORD
 MAXIMUM         3.94   1977
 MINIMUM            T   1910
TOTALS           1.41              1.11    0.30     0.33
DAYS >= .01        10               7.4     2.6        4
DAYS >= .10         5               3.4     1.6        1
DAYS >= .50         1               0.5     0.5        0
DAYS >= 1.00        0               0.1    -0.1        0

SNOWFALL (INCHES)
RECORDS
 TOTAL           22.0   1975
 SNOW DEPTH        MM   MM
TOTALS           16.2               6.2    10.0     11.3
SINCE 7/1        35.6              32.6     3.0     39.1
SNOWDEPTH AVG.      3                 3       0        2
DAYS >= TRACE      12               4.2     7.8       10
DAYS >= 1.0         5               1.9     3.1        1
GREATEST
 SNOW DEPTH         7   03/08                         10  03/14
                        03/07                             03/13
                        03/06

DEGREE_DAYS
HEATING TOTAL    1154              1104      50     1077
 SINCE 7/1       7521              7515       6     6678
COOLING TOTAL       0                 0       0        0
 SINCE 1/1          0                 0       0        0

FREEZE DATES
RECORD
 EARLIEST     MM
 LATEST       MM
EARLIEST                        MM
LATEST                          MM
.................................................................

WIND (MPH)
AVERAGE WIND SPEED              10.2
RESULTANT WIND SPEED/DIRECTION   2/090
HIGHEST WIND SPEED/DIRECTION    35/350    DATE  03/31
HIGHEST GUST SPEED/DIRECTION    41/360    DATE  03/31

SKY COVER
POSSIBLE SUNSHINE (PERCENT)   MM
AVERAGE SKY COVER           0.60
NUMBER OF DAYS FAIR           10
NUMBER OF DAYS PC              8
NUMBER OF DAYS CLOUDY         13

AVERAGE RH (PERCENT)     84

WEATHER CONDITIONS. NUMBER OF DAYS WITH
  0
  2
  2
  0
  4
  0
  5
HAZE                      3

-  INDICATES NEGATIVE NUMBERS.
R  INDICATES RECORD WAS SET OR TIED.
MM INDICATES DATA IS MISSING.
T  INDICATES TRACE AMOUNT.

$$
