000
CXUS53 KGRB 010834
CLMAUW


CLIMATE REPORT
NATIONAL WEATHER SERVICE GREEN BAY
331 AM CDT TUE MAY 1 2018

...................................

...THE WAUSAU WI CLIMATE SUMMARY FOR THE MONTH OF APRIL 2018...

CLIMATE NORMAL PERIOD 1981 TO 2010
CLIMATE RECORD PERIOD 1896 TO 2018

WEATHER         OBSERVED          NORMAL  DEPART  LAST YEAR`S
                 VALUE   DATE(S)  VALUE   FROM    VALUE  DATE(S)
                                          NORMAL
................................................................
TEMPERATURE (F)
RECORD
 HIGH              91   04/29/1952
                        04/28/1952
 LOW                4   04/08/2018
                        04/04/1995
                        04/03/1954
HIGHEST            76   04/30        76       0       74  04/25
                                                          04/09
LOWEST              4R  04/08        17     -13       28  04/12
                                                          04/01
AVG. MAXIMUM     43.7              54.8   -11.1     56.9
AVG. MINIMUM     22.6              33.3   -10.7     35.3
MEAN             33.1              44.1   -11.0     46.1
DAYS MAX >= 90      0               0.0     0.0        0
DAYS MAX <= 32      8               0.6     7.4        0
DAYS MIN <= 32     27              13.3    13.7       14
DAYS MIN <= 0       0               0.0     0.0        0

PRECIPITATION (INCHES)
RECORD
 MAXIMUM         6.06   1954
 MINIMUM         0.34   1946
TOTALS           3.23              2.73    0.50     5.79
DAILY AVG.       0.11              0.09    0.02     0.19
DAYS >= .01        12              11.5     0.5       16
DAYS >= .10         8               6.6     1.4       11
DAYS >= .50         3               1.6     1.4
DAYS >= 1.00        0               0.4    -0.4        2
GREATEST
 STORM TOTAL       MM
 (MM/DD(HH))            MM

SNOWFALL (INCHES)
RECORDS
 TOTAL           34.5   2018
 24 HR TOTAL      9.3   04/03/2018 TO 04/03/2018
TOTALS           34.5R              4.1    30.4      1.7
SINCE 7/1        89.2              59.4    29.8     60.5
DAYS >= TRACE      10               2.8     7.2
DAYS >= 1.0         6               1.3     4.7        1
GREATEST
 SNOW DEPTH        17R  04/15                         -1  04/11
 24 HR TOTAL      9.3R  04/03 TO 04/03

DEGREE_DAYS
HEATING TOTAL     948               631     317      560
 SINCE 7/1       8162              7852     310     6871
COOLING TOTAL       0                 2      -2        0
 SINCE 1/1          0                 2      -2        0
.................................................................

WIND (MPH)
AVERAGE WIND SPEED              7.7
HIGHEST WIND SPEED/DIRECTION    28/070    DATE  04/14
HIGHEST GUST SPEED/DIRECTION    39/080    DATE  04/15

SKY COVER
POSSIBLE SUNSHINE (PERCENT)   MM
AVERAGE SKY COVER           0.40
NUMBER OF DAYS FAIR           16
NUMBER OF DAYS PC              7
NUMBER OF DAYS CLOUDY          7

AVERAGE RH (PERCENT)     63

WEATHER CONDITIONS. NUMBER OF DAYS WITH
THUNDERSTORM              0     MIXED PRECIP               0
HEAVY RAIN                0     RAIN                       1
LIGHT RAIN                6     FREEZING RAIN              0
LT FREEZING RAIN          0     HAIL                       0
HEAVY SNOW                2     SNOW                       6
LIGHT SNOW               10     SLEET                      0
FOG                      12     FOG W/VIS <= 1/4 MILE      3
HAZE                      6

-  INDICATES NEGATIVE NUMBERS.
R  INDICATES RECORD WAS SET OR TIED.
MM INDICATES DATA IS MISSING.
T  INDICATES TRACE AMOUNT.

$$
