000
CXUS46 KHNX 020011
CLMBFL


CLIMATE REPORT
NATIONAL WEATHER SERVICE SAN JOAQUIN VALLEY, CA
511 PM PDT SUN APR 1 2018

...................................

...THE BAKERSFIELD CLIMATE SUMMARY FOR THE MONTH OF MARCH 2018...

CLIMATE NORMAL PERIOD 1981 TO 2010
CLIMATE RECORD PERIOD 1889 TO 2018

WEATHER         OBSERVED          NORMAL  DEPART  LAST YEAR`S
                 VALUE   DATE(S)  VALUE   FROM    VALUE  DATE(S)
                                          NORMAL
................................................................
TEMPERATURE (F)
RECORD
 HIGH              94   03/29/2004
                        03/15/1916
                        03/11/1916
 LOW               20   03/03/1917
HIGHEST            86   03/30        MM      MM       90  03/15
LOWEST             37   03/05        MM      MM       34  03/06
AVG. MAXIMUM     69.7              68.7     1.0     72.4
AVG. MINIMUM     47.9              46.5     1.4     47.4
MEAN             58.8              57.6     1.2     59.9
DAYS MAX >= 90      0               0.1    -0.1        1
DAYS MIN <= 32      0               0.0     0.0        0

PRECIPITATION (INCHES)
RECORD
 MAXIMUM         4.61   1938
TOTALS           2.41              1.21    1.20     0.16
DAYS >= .01        11               6.5     4.5        5
DAYS >= .10         9               3.6     5.4        0
DAYS >= .50         1               0.5     0.5        0
DAYS >= 1.00        0               0.0     0.0        0
GREATEST
 24 HR. TOTAL    0.93   03/21 TO 03/21

SNOWFALL (INCHES)
RECORDS
 TOTAL             MM   5
TOTALS            0.0               0.0

DEGREE_DAYS
HEATING TOTAL     200               239     -39      172
 SINCE 7/1       1478              2013    -535     1540
COOLING TOTAL      16                 9       7       24
 SINCE 1/1         16                 9       7       26
.................................................................

WIND (MPH)
AVERAGE WIND SPEED              5.5
HIGHEST WIND SPEED/DIRECTION    26/290    DATE  03/17
HIGHEST GUST SPEED/DIRECTION    32/270    DATE  03/17

AVERAGE RH (PERCENT)     60

WEATHER CONDITIONS. NUMBER OF DAYS WITH
THUNDERSTORM              0     RAIN                       5
HAIL                      0     FOG                       13
FOG W/VIS <= 1/4 MILE     1     HAZE                       5

-  INDICATES NEGATIVE NUMBERS.
R  INDICATES RECORD WAS SET OR TIED.
MM INDICATES DATA IS MISSING.
T  INDICATES TRACE AMOUNT.

$$
