000
CXUS54 KCRP 011518
CLMCRP

CLIMATE REPORT
NATIONAL WEATHER SERVICE CORPUS CHRISTI TX
950 AM CDT TUE MAY 1 2018

...................................

...THE CORPUS CHRISTI CLIMATE SUMMARY FOR THE MONTH OF APRIL 2018...

CLIMATE NORMAL PERIOD 1981 TO 2010
CLIMATE RECORD PERIOD 1887 TO 2018

WEATHER         OBSERVED          NORMAL  DEPART  LAST YEAR`S
                 VALUE   DATE(S)  VALUE   FROM    VALUE  DATE(S)
                                          NORMAL
................................................................
TEMPERATURE (F)
RECORD
 HIGH             103   04/28/2014
                        04/27/2014
 LOW               33   04/03/1987
                        04/14/1980
HIGHEST            90   04/13        82       8       99  04/26
LOWEST             44   04/08        63     -19       48  04/06
AVG. MAXIMUM     81.0              81.7    -0.7     85.1
AVG. MINIMUM     60.4              63.0    -2.6     64.6
MEAN             70.7              72.4    -1.7     74.9
DAYS MAX >= 90      1               2.1    -1.1        6
DAYS MAX <= 32      0               0.0     0.0        0
DAYS MIN <= 32      0               0.0     0.0        0
DAYS MIN <= 0       0               0.0     0.0        0

PRECIPITATION (INCHES)
RECORD
 MAXIMUM         9.21   2004
 MINIMUM            T   1984
                        1983
                        1887
TOTALS           0.26              1.84   -1.58     2.22
DAILY AVG.       0.01              0.06   -0.05     0.07
DAYS >= .01         8               5.3     2.7        7
DAYS >= .10         1               2.3    -1.3        3
DAYS >= .50         0               0.9    -0.9        1
DAYS >= 1.00        0               0.5    -0.5        1
GREATEST
 24 HR. TOTAL    0.12   04/25 TO 04/25              1.60

SNOWFALL (INCHES)
RECORDS
 TOTAL            0.0   MM
 24 HR TOTAL      0.0   MM
TOTALS            0.0               0.0     0.0      0.0
SINCE 7/1         1.0               0.2     0.8      0.0
SNOWDEPTH AVG.      0                MM      MM        0
DAYS >= 1.0         0               0.0     0.0        0
GREATEST
 SNOW DEPTH         0   MM                             0
 24 HR TOTAL      0.0   04/30 TO 04/30               0.0

DEGREE_DAYS
HEATING TOTAL      17                17       0        0
 SINCE 7/1        871               898     -27      368
COOLING TOTAL     195               237     -42      303
 SINCE 1/1        522               428      94      775
.................................................................

WIND (MPH)
AVERAGE WIND SPEED              14.1
HIGHEST WIND SPEED/DIRECTION    43/340    DATE  04/14
HIGHEST GUST SPEED/DIRECTION    51/360    DATE  04/14

SKY COVER
AVERAGE SKY COVER           0.60

AVERAGE RH (PERCENT)     73

WEATHER CONDITIONS. NUMBER OF DAYS WITH
THUNDERSTORM              3     MIXED PRECIP               0
HEAVY RAIN                0     RAIN                       1
LIGHT RAIN               15     FREEZING RAIN              0
LT FREEZING RAIN          0     HAIL                       0
HEAVY SNOW                0     SNOW                       0
LIGHT SNOW                0     SLEET                      0
FOG                       9     FOG W/VIS <= 1/4 MILE      0
HAZE                      0


-  INDICATES NEGATIVE NUMBERS.
R  INDICATES RECORD WAS SET OR TIED.
MM INDICATES DATA IS MISSING.
T  INDICATES TRACE AMOUNT.

$$

88
