000
CXUS53 KDLH 010956
CLMDLH
CLIMATE REPORT
NATIONAL WEATHER SERVICE DULUTH MN
356 AM CST FRI MAR 01 2024
...................................
...THE DULUTH CLIMATE SUMMARY FOR THE MONTH OF FEBRUARY 2024...
CLIMATE NORMAL PERIOD: 1991 TO 2020
CLIMATE RECORD PERIOD: 1870 TO 2024
WEATHER OBSERVED NORMAL DEPART LAST YEAR`S
VALUE DATE(S) VALUE FROM VALUE DATE(S)
NORMAL
................................................................
TEMPERATURE (F)
RECORD
HIGH 58 02/26/1895
LOW -39 02/02/1996
HIGHEST 54 02/26 MM MM 43 02/08
02/12
LOWEST -5 02/28 MM MM -22 02/03
AVG. MAXIMUM 36.2 24.8 11.4 25.8
AVG. MINIMUM 18.3 6.0 12.3 6.1
MEAN 27.3 15.4 11.9 16.0
DAYS MAX >= 90 0 0.0 0.0 0
DAYS MAX <= 32 10 21.4 -11.4 18
DAYS MIN <= 32 27 27.5 -0.5 28
DAYS MIN <= 0 2 10.5 -8.5 9
PRECIPITATION (INCHES)
RECORD
MAXIMUM 4.24 1922
MINIMUM 0.10 1877
TOTALS 0.33 1.01 -0.68 1.78
DAILY AVG. 0.01 NAN NAN 0.06
DAYS >= .01 5 8.9 -3.9 9
DAYS >= .10 1 3.0 -2.0 6
DAYS >= .50 0 0.3 -0.3 1
DAYS >= 1.00 0 0.1 -0.1 0
GREATEST
24 HR. TOTAL 0.28 02/08 TO 02/08
SNOWFALL (INCHES)
RECORDS
TOTAL 36.4 2019
TOTALS 1.6 15.1 -13.5 13.2
SINCE 7/1 18.7 67.5 -48.8 MM
SNOWDEPTH AVG. 0 24
DAYS >= 1.0 0 4.5 -4.5 3
GREATEST
SNOW DEPTH 2 02/05 28 02/23
02/06
02/01
02/24
24 HR TOTAL MM
DEGREE DAYS
HEATING TOTAL 1087 1389 -302 1366
SINCE 7/1 5501 6698 -1197 MM
COOLING TOTAL 0 0 0 0
SINCE 1/1 0 0 0 MM
................................................................
WIND (MPH)
AVERAGE WIND SPEED 9.9
HIGHEST WIND SPEED/DIRECTION 31/270 DATE 02/17
31/330 02/27
HIGHEST GUST SPEED/DIRECTION 48/320 DATE 02/27
SKY COVER
POSSIBLE SUNSHINE (PERCENT) MM
AVERAGE SKY COVER 0.51
NUMBER OF DAYS FAIR 11
NUMBER OF DAYS PC 9
NUMBER OF DAYS CLOUDY 9
AVERAGE RH (PERCENT) 68
WEATHER CONDITIONS. NUMBER OF DAYS WITH
THUNDERSTORM 0 MIXED PRECIP 0
HEAVY RAIN 0 RAIN 1
LIGHT RAIN 2 FREEZING RAIN 0
LT FREEZING RAIN 0 HAIL 0
HEAVY SNOW 0 SNOW 0
LIGHT SNOW 17 SLEET 0
FOG 7 FOG W/VIS <= 1/4 MILE 2
HAZE 5
- INDICATES NEGATIVE NUMBERS.
R INDICATES RECORD WAS SET OR TIED.
MM INDICATES DATA IS MISSING.
T INDICATES TRACE AMOUNT.
$$