000
CXUS52 KAKQ 011222
CLMECG


CLIMATE REPORT
NATIONAL WEATHER SERVICE WAKEFIELD, VA
822 AM EDT SUN APR 1 2018

...................................

...THE ELIZABETH CITY NC CLIMATE SUMMARY FOR THE MONTH OF MARCH 2018...

CLIMATE NORMAL PERIOD 1981 TO 2010
CLIMATE RECORD PERIOD 1934 TO 2018

WEATHER         OBSERVED          NORMAL  DEPART  LAST YEAR`S
                 VALUE   DATE(S)  VALUE   FROM    VALUE  DATE(S)
                                          NORMAL
................................................................
TEMPERATURE (F)
RECORD
 HIGH              92   03/17/1945
 LOW                1   03/11/2013
HIGHEST            80   03/29        65      15       82  03/01
LOWEST             25   03/06        45     -20       22  03/16
AVG. MAXIMUM     55.1              60.7    -5.6     60.2
AVG. MINIMUM     36.9              39.6    -2.7     39.0
MEAN             46.0              50.1    -4.1     49.6
DAYS MAX >= 90      0               0.1    -0.1        0
DAYS MAX <= 32      0               0.0     0.0        0
DAYS MIN <= 32      8               6.1     1.9       10
DAYS MIN <= 0       0               0.0     0.0        0

PRECIPITATION (INCHES)
RECORD
 MAXIMUM           MM   MM
 MINIMUM           MM   MM
TOTALS           4.42              3.98    0.44     3.79
DAILY AVG.       0.14              0.13    0.01     0.12
DAYS >= .01        11               9.9     1.1       12
DAYS >= .10         8               6.5     1.5        7
DAYS >= .50         4               2.5     1.5        4
DAYS >= 1.00        1               0.7     0.3        0
GREATEST
 24 HR. TOTAL    1.32   03/12 TO 03/12

SNOWFALL (INCHES)
RECORDS
 TOTAL             MM   MM
TOTALS              T
SINCE 7/1         6.8                MM      MM      1.2
SNOWDEPTH AVG.      0                MM      MM        0
DAYS >= 1.0         0                MM      MM        0
GREATEST
 SNOW DEPTH         0   MM                             0  MM
 24 HR TOTAL        T   03/13 TO 03/13           03/19 TO 03/19
                                                          03/19 TO 03/19
                                                          03/19 TO 03/19

DEGREE_DAYS
HEATING TOTAL     584               465     119      475
 SINCE 7/1       2875              2937     -62     2570
COOLING TOTAL       3                 5      -2        7
 SINCE 1/1         32                 7      25       10
..........................................................

WIND (MPH)
AVERAGE WIND SPEED              12.0
HIGHEST WIND SPEED/DIRECTION    46/290    DATE  03/02
HIGHEST GUST SPEED/DIRECTION    59/280    DATE  03/02

SKY COVER
POSSIBLE SUNSHINE (PERCENT)   MM
AVERAGE SKY COVER           0.40

AVERAGE RH (PERCENT)     71

WEATHER CONDITIONS. NUMBER OF DAYS WITH
THUNDERSTORM              0     MIXED PRECIP               0
HEAVY RAIN                6     RAIN                       7
LIGHT RAIN               13     FREEZING RAIN              0
LT FREEZING RAIN          0     HAIL                       0
HEAVY SNOW                0     SNOW                       2
LIGHT SNOW                1     SLEET                      0
FOG                      11     FOG W/VIS <= 1/4 MILE      0
HAZE                      0

-  INDICATES NEGATIVE NUMBERS.
R  INDICATES RECORD WAS SET OR TIED.
MM INDICATES DATA IS MISSING.
T  INDICATES TRACE AMOUNT.

$$
