000
CXUS53 KLBF 011042
CLMLBF


CLIMATE REPORT
NATIONAL WEATHER SERVICE NORTH PLATTE
542 AM CDT TUE MAY 1 2018

...................................

...THE NORTH PLATTE NE CLIMATE SUMMARY FOR THE MONTH OF APRIL 2018...

CLIMATE NORMAL PERIOD 1981 TO 2010
CLIMATE RECORD PERIOD 1874 TO 2018

WEATHER         OBSERVED          NORMAL  DEPART  LAST YEAR`S
                 VALUE   DATE(S)  VALUE   FROM    VALUE  DATE(S)
                                          NORMAL
................................................................
TEMPERATURE (F)
RECORD
 HIGH              98   04/30/1992
 LOW               -3   04/02/1936
HIGHEST            85   04/29        85       0       82  04/08
                        04/11
LOWEST              4   04/07        18     -14       26  04/11
AVG. MAXIMUM     58.4              62.2    -3.8     64.6
AVG. MINIMUM     28.0              33.0    -5.0     37.0
MEAN             43.2              47.6    -4.4     50.8
DAYS MAX >= 90      0               0.2    -0.2        0
DAYS MAX <= 32      2               0.3     1.7        0
DAYS MIN <= 32     20              13.8     6.2       11
DAYS MIN <= 0       0               0.0     0.0        0

PRECIPITATION (INCHES)
RECORD
 MAXIMUM         7.10   1915
 MINIMUM         0.04   1928
TOTALS           1.46              2.27   -0.81     2.23
DAILY AVG.       0.05              0.08   -0.03     0.07
DAYS >= .01         8               8.4    -0.4        8
DAYS >= .10         7               4.6     2.4        4
DAYS >= .50         0               1.4    -1.4        2
DAYS >= 1.00        0               0.4    -0.4        1
GREATEST
 24 HR. TOTAL    0.42   04/13 TO 04/13           04/27 TO 04/28
                                                          04/30 TO 04/30EATHER         OBSERVED          NORMAL  DEPART  LAST YEAR`S
                                                          04/30 TO 04/30EATHER         OBSERVED          NORMAL  DEPART  LAST YEAR`S

SNOWFALL (INCHES)
RECORDS
 TOTAL           14.8   1886
TOTALS            9.5               3.2     6.3      1.0
SINCE 7/1        49.1              28.5    20.6     21.3
SNOWDEPTH AVG.      1                MM      MM        0
DAYS >= 1.0         3               0.9     2.1        1
GREATEST
 SNOW DEPTH         5   04/14                          0  MM
 24 HR TOTAL      4.6   04/13 TO 04/13

DEGREE_DAYS
HEATING TOTAL     653               525     128      421
 SINCE 7/1       6462              6390      72     5394
COOLING TOTAL       7                 3       4        2
 SINCE 1/1          7                 3       4        2
.................................................................

WIND (MPH)
AVERAGE WIND SPEED              11.8
HIGHEST WIND SPEED/DIRECTION    39/010    DATE  04/13
HIGHEST GUST SPEED/DIRECTION    58/350    DATE  04/13

SKY COVER
POSSIBLE SUNSHINE (PERCENT)   MM
AVERAGE SKY COVER           0.30
NUMBER OF DAYS FAIR           19
NUMBER OF DAYS PC              5
NUMBER OF DAYS CLOUDY          6

AVERAGE RH (PERCENT)     62

WEATHER CONDITIONS. NUMBER OF DAYS WITH
  0
  1
  0
  0
  2
  0
  1
HAZE                      3

-  INDICATES NEGATIVE NUMBERS.
R  INDICATES RECORD WAS SET OR TIED.
MM INDICATES DATA IS MISSING.
T  INDICATES TRACE AMOUNT.

$$
