000
CXUS54 KLZK 012044
CLMLIT


CLIMATE REPORT
NATIONAL WEATHER SERVICE LITTLE ROCK AR
333 PM CDT TUE MAY 1 2018

...................................

...THE LITTLE ROCK ADAMS FIELD CLIMATE SUMMARY FOR THE MONTH OF APRIL 2018...

CLIMATE NORMAL PERIOD 1981 TO 2010
CLIMATE RECORD PERIOD 1874 TO 2018

WEATHER         OBSERVED          NORMAL  DEPART  LAST YEAR`S
                 VALUE   DATE(S)  VALUE   FROM    VALUE  DATE(S)
                                          NORMAL
................................................................
TEMPERATURE (F)
RECORD
 HIGH              95   04/20/1987
 LOW               28   04/08/2018
                        04/08/2007
                        04/07/1971
HIGHEST            85   04/17        73      12       85  04/29
LOWEST             28R  04/08        50     -22       42  04/07
AVG. MAXIMUM     68.5              73.1    -4.6     75.7
AVG. MINIMUM     44.0              51.0    -7.0     53.8
MEAN             56.3              62.1    -5.8     64.8
DAYS MAX >= 90      0               0.2    -0.2        0
DAYS MAX <= 32      0               0.0     0.0        0
DAYS MIN <= 32      3               0.2     2.8        0
DAYS MIN <= 0       0               0.0     0.0        0

PRECIPITATION (INCHES)
RECORD
 MAXIMUM        14.81   1927
 MINIMUM         0.17   1930
TOTALS           5.97              5.14    0.83    10.13
DAILY AVG.       0.20              0.17    0.03     0.34
DAYS >= .01        10               9.4     0.6       10
DAYS >= .10         8                                  8
DAYS >= .50         5                                  5
DAYS >= 1.00        2               1.5     0.5        4
GREATEST
 24 HR. TOTAL    2.30   04/13 TO 04/14

SNOWFALL (INCHES)
RECORDS
 TOTAL              T   2003
 24 HR TOTAL        T   04/07/2018 TO 04/07/2018
                        04/09/2003 TO 04/09/2003
                        04/19/1983 TO 04/19/1983
 SNOW DEPTH         T   04/02/1908
                        04/05/1886
TOTALS              TR              0.0     0.0      0.0
 LIQUID EQUIV       T              0.00    0.00     0.00
SINCE 7/1         1.7               3.5    -1.8      0.2
 LIQUID 7/1      0.17                MM      MM     0.02
SNOWDEPTH AVG.      0
DAYS >= TRACE       1               0.0     1.0        0
DAYS >= 1.0         0                                  0
GREATEST
 SNOW DEPTH         0   MM
 24 HR TOTAL        TR  04/07 TO 04/07


DEGREE_DAYS
HEATING TOTAL     265               144     121       74
 SINCE 7/1       3078              3032      46     2268
COOLING TOTAL      13                56     -43       74
 SINCE 1/1         36                72     -36      107

FREEZE DATES
RECORD
 EARLIEST     10/20/1989
 LATEST       04/19/1983
EARLIEST                        11/13
LATEST                          03/19
.................................................................

WIND (MPH)
AVERAGE WIND SPEED              9.0
HIGHEST WIND SPEED/DIRECTION    30/200    DATE  04/03
HIGHEST GUST SPEED/DIRECTION    41/200    DATE  04/03

SKY COVER
POSSIBLE SUNSHINE (PERCENT)   MM
AVERAGE SKY COVER           0.50
NUMBER OF DAYS FAIR           11
NUMBER OF DAYS PC              6
NUMBER OF DAYS CLOUDY         13

AVERAGE RH (PERCENT)     68

-  INDICATES NEGATIVE NUMBERS.
R  INDICATES RECORD WAS SET OR TIED.
MM INDICATES DATA IS MISSING.
T  INDICATES TRACE AMOUNT.

&&

...Data for Little Rock for April 2018...

.Summary...
April marked a significant change in temperature trends at Little
Rock. After a few warmer than average months in the late winter and
early spring, April ended nearly six degrees below the 30-year
average. Both high and low temperatures (which included several late-
season freezes) were significantly cooler than we would normally see
in April, and were among the coldest ever recorded for the month.

Rainfall was over three quarters of an inch above average. Even so,
this April was the driest in three years.

For the first time since 2003, and only the 12th time since records
began in mid-1874, snow fell during April, but was not measurable.

.Monthly Temperatures...
The average high temperature was the coldest since 1997, and the 9th
coldest on record. The average low temperature was the coldest since
1983, and the coldest on record. The average monthly temperature was
the coldest since 1983, and the 3rd coldest on record.

.Daily Temperatures...
Daily temperatures were above average on six days, average on one
day, and below average on 23 days.

There were three days with low temperatures at or below freezing,
which was the most in April since 1971, and tied 1971 for the most
on record for the month.

The freeze on April 16th was the latest freeze since 1983, and the
2nd latest on record. Since temperature records were started at
Little Rock in July 1879, the only other latest freeze was on
April 19, 1983.

There were seven days with high temperatures at or above 80 degrees,
which was the fewest since 2005.

.Daily Record Temperatures Tied or Broken During the Month...
Date  Record Type                 New Record        Previous Record
 7th  Coldest High Temperature    48 in 2018          49 in 2007
 8th  Low Temperature             28 in 2018          28 in 2007
16th  Low Temperature             32 in 2018          33 in 1962

On the 8th, the low of 28 degrees tied the all-time record low temperature
for the month of April at Little Rock. The record was originally set on
April 1, 1886, and tied on April 5, 1920, April 7, 1971, and April 8, 2007.

On the 8th and 9th, the daily average temperature was 39.5 degrees, which
most recently tied April 12, 1940 for the 6th coldest daily average
temperature on record for the month of April.

.Monthly Rainfall...
Even though rainfall was above average, it was the driest April since 2015.

.Daily Rainfall Records Tied or Broken During the Month...
None.

.Monthly Snowfall...
For the first time since 2003, snow fell in the month of April, though it
was not measurable. Even though there was no snow accumulation, April 2018
ties with 2003, 1983, 1980, 1973, 1971, 1957, 1928, 1920, 1915, 1908 and
1886 for the snowiest April on record.

.Daily Record Snowfall Tied or Broken During the Month...
Date     New Record        Previous Record
 7th   Trace in 2018   None---record established

This was the latest snowfall at Little Rock in 15 years, or since April 9,
2003, and the 6th latest ever recorded.

This also most recently ties April 9, 2003 for the highest calendar
day and 24-hour snowfall on record for the month of April.

.Miscellaneous Phenomena...
None.

$$

57
