000
CXUS53 KLMK 011412
CLMLOU


CLIMATE REPORT
NATIONAL WEATHER SERVICE LOUISVILLE KY
959 AM EDT TUE MAY 1 2018

...................................

...THE LOUISVILLE BOWMAN KY CLIMATE SUMMARY FOR THE MONTH OF APRIL 2018...

CLIMATE NORMAL PERIOD 1981 TO 2010
CLIMATE RECORD PERIOD 9999 TO 9999

WEATHER         OBSERVED          NORMAL  DEPART  LAST YEAR`S
                 VALUE   DATE(S)  VALUE   FROM    VALUE  DATE(S)
                                          NORMAL
................................................................
TEMPERATURE (F)
RECORD
 HIGH              MM   MM
 LOW               MM   MM
HIGHEST            82   04/13        MM      MM       86  04/29
LOWEST             27   04/08        MM      MM       35  04/08
                        04/05
AVG. MAXIMUM     62.8              67.1    -4.3     74.6
AVG. MINIMUM     41.3              47.0    -5.7     54.0
MEAN             52.0              57.1    -5.1     64.3
DAYS MAX >= 90      0               0.0     0.0        0
DAYS MAX <= 32      0               0.1    -0.1        0
DAYS MIN <= 32      7               1.3     5.7        0
DAYS MIN <= 0       0               0.0     0.0        0

PRECIPITATION (INCHES)
RECORD
 MAXIMUM           MM   MM
 MINIMUM           MM   MM
TOTALS           3.54              4.08   -0.54     5.24
DAILY AVG.       0.12              0.14   -0.02     0.17
DAYS >= .01        12                MM      MM       13
DAYS >= .10         6                MM      MM        9
DAYS >= .50         4                MM      MM        2
DAYS >= 1.00        0                MM      MM        2
GREATEST
 24 HR. TOTAL    1.09   04/14 TO 04/15

SNOWFALL (INCHES)
RECORDS
 TOTAL             MM   MM
TOTALS             MM                MM      MM       MM
SINCE 7/1          MM                MM      MM       MM
SNOWDEPTH AVG.     MM                MM      MM       MM
DAYS >= 1.0         0                MM      MM        0
GREATEST
 SNOW DEPTH        MM                                 MM  MM
 24 HR TOTAL       MM

DEGREE_DAYS
HEATING TOTAL     394               268     126      102
 SINCE 7/1       4293              4191     102     3144
COOLING TOTAL      16                30     -14       88
 SINCE 1/1         26                34      -8      100
.................................................................

WIND (MPH)
AVERAGE WIND SPEED              8.3
HIGHEST WIND SPEED/DIRECTION    35/210    DATE  04/03
HIGHEST GUST SPEED/DIRECTION    50/190    DATE  04/03

SKY COVER
POSSIBLE SUNSHINE (PERCENT)   MM
AVERAGE SKY COVER           0.40
NUMBER OF DAYS FAIR           15
NUMBER OF DAYS PC              8
NUMBER OF DAYS CLOUDY          7

AVERAGE RH (PERCENT)     61

WEATHER CONDITIONS. NUMBER OF DAYS WITH
THUNDERSTORM         2        MIXED PRECIP            0
HEAVY RAIN           3        RAIN                    5
LIGHT RAIN          12        FREEZING RAIN           0
LT FREEZING RAIN     0        HAIL                    0
HEAVY SNOW           0        SNOW                    0
LIGHT SNOW           4        SLEET                   0
FOG                  9        FOG W/VIZ <= 1/4 MILE   0
HAZE                 5

-  INDICATES NEGATIVE NUMBERS.
R  INDICATES RECORD WAS SET OR TIED.
MM INDICATES DATA IS MISSING.
T  INDICATES TRACE AMOUNT.

$$
