000
CXUS53 KJKL 041452
CLMLOZ
CLIMATE REPORT
NATIONAL WEATHER SERVICE JACKSON KY
1052 AM EDT THU APR 04 2024
...................................
...THE LONDON KY CLIMATE SUMMARY FOR THE MONTH OF MARCH 2024...
CLIMATE NORMAL PERIOD 1991 TO 2020
CLIMATE RECORD PERIOD 1954 TO 2024
WEATHER OBSERVED NORMAL DEPART LAST YEAR`S
VALUE DATE(S) VALUE FROM VALUE DATE(S)
NORMAL
................................................................
TEMPERATURE (F)
RECORD
HIGH 87 03/25/2007
LOW -12 03/03/1980
HIGHEST 78 03/14 MM MM 79 03/01
03/31
03/23
LOWEST 25 03/11 MM MM 16 03/20
AVG. MAXIMUM 63.1 58.4 4.7 59.6
AVG. MINIMUM 39.8 36.2 3.6 36.2
MEAN 51.4 47.3 4.1 47.9
DAYS MAX >= 90 0 0.0 0.0 0
DAYS MAX <= 32 0 0.6 -0.6 0
DAYS MIN <= 32 7 12.4 -5.4 12
DAYS MIN <= 0 0 0.0 0.0 0
PRECIPITATION (INCHES)
RECORD
MAXIMUM 9.87 1994
MINIMUM 1.27 1969
TOTALS 2.99 4.57 -1.58 3.49
DAILY AVG. 0.10 0.15 -0.05 0.11
DAYS >= .01 10 12.9 -2.9 10
DAYS >= .10 8 8.3 -0.3 8
DAYS >= .50 2 3.3 -1.3 1
DAYS >= 1.00 0 1.0 -1.0 1
GREATEST
24 HR. TOTAL 0.87 03/08 TO 03/09 1.20
SNOWFALL (INCHES)
RECORDS
TOTAL 31.0 1960
TOTALS MM MM MM MM
SINCE 7/1 MM MM MM MM
SNOWDEPTH AVG. MM MM
DAYS >= 1.0 MM MM MM MM
GREATEST
SNOW DEPTH MM MM
24 HR TOTAL MM MM
DEGREE DAYS
HEATING TOTAL 418 552 -134 525
SINCE 7/1 MM 3801 MM 3386
COOLING TOTAL 3 3 0 3
SINCE 1/1 3 3 0 4
................................................................
WIND (MPH)
AVERAGE WIND SPEED 5.6
HIGHEST WIND SPEED/DIRECTION 25/300 DATE 03/15
25/260 03/30
HIGHEST GUST SPEED/DIRECTION 39/290 DATE 03/15
SKY COVER
POSSIBLE SUNSHINE (PERCENT) MM
AVERAGE SKY COVER 0.42
NUMBER OF DAYS FAIR 15
NUMBER OF DAYS PC 10
NUMBER OF DAYS CLOUDY 6
AVERAGE RH (PERCENT) 61
WEATHER CONDITIONS. NUMBER OF DAYS WITH
THUNDERSTORM 2 MIXED PRECIP 0
HEAVY RAIN 2 RAIN 3
LIGHT RAIN 10 FREEZING RAIN 0
LT FREEZING RAIN 0 HAIL 0
HEAVY SNOW 0 SNOW 0
LIGHT SNOW 0 SLEET 0
FOG 13 FOG W/VIS <= 1/4 MILE 2
HAZE 2
- INDICATES NEGATIVE NUMBERS.
R INDICATES RECORD WAS SET OR TIED.
MM INDICATES DATA IS MISSING.
T INDICATES TRACE AMOUNT.
&&
...ANNUAL HEATING DEGREE DAYS MISSING DUE TO SEASON OUTAGE IN DECEMBER...
$$
CARICO