000
CXUS54 KMAF 011435
CLMMAF


CLIMATE REPORT
NATIONAL WEATHER SERVICE MIDLAND TX
932 AM CDT SUN APR 1 2018

...................................

...THE MIDLAND CLIMATE SUMMARY FOR THE MONTH OF MARCH 2018...

CLIMATE NORMAL PERIOD 1981 TO 2010
CLIMATE RECORD PERIOD 1930 TO 2018

WEATHER         OBSERVED          NORMAL  DEPART  LAST YEAR`S
                 VALUE   DATE(S)  VALUE   FROM    VALUE  DATE(S)
                                          NORMAL
................................................................
TEMPERATURE (F)
RECORD
 HIGH              97   03/31/1946
 LOW                9   03/02/1980
HIGHEST            91   03/22        71      20       96  03/21
LOWEST             32   03/06        41      -9       36  03/02
AVG. MAXIMUM     76.8              70.2     6.6     79.2
AVG. MINIMUM     47.6              41.0     6.6     49.8
MEAN             62.2              55.6     6.6     64.5
DAYS MAX >= 90      4               0.4     3.6        6
DAYS MAX <= 32      0               0.0     0.0        0
DAYS MIN <= 32      1               4.7    -3.7        0
DAYS MIN <= 0       0               0.0     0.0        0

PRECIPITATION (INCHES)
RECORD
 MAXIMUM         2.86   1970
 MINIMUM         0.00   1946
TOTALS           0.11              0.60   -0.49     0.48
DAILY AVG.       0.00              0.02   -0.02     0.02
DAYS >= .01         3               3.6    -0.6        3
DAYS >= .10         0               1.5    -1.5        2
DAYS >= .50         0               0.4    -0.4        0
DAYS >= 1.00        0               0.0     0.0        0
GREATEST
 24 HR. TOTAL    0.08   03/27 TO 03/27              0.35

SNOWFALL (INCHES)
RECORDS
 TOTAL            5.9   1970
                        2003
                        2002
TOTALS            0.0               0.2    -0.2      0.0
SINCE 7/1           T               4.7    -4.7      0.3
SNOWDEPTH AVG.      0                MM      MM        0
DAYS >= 1.0         0               0.1    -0.1        0
GREATEST
 SNOW DEPTH         0   MM                             0  MM
 24 HR TOTAL      0.0   03/31 TO 03/31               0.0

DEGREE_DAYS
HEATING TOTAL     149               307    -158      116
 SINCE 7/1       2080              2544    -464     1616
COOLING TOTAL      68                16      52      108
 SINCE 1/1         75                18      57      125
.................................................................

WIND (MPH)
AVERAGE WIND SPEED              11.8
HIGHEST WIND SPEED/DIRECTION    38/240    DATE  03/18
HIGHEST GUST SPEED/DIRECTION    49/270    DATE  03/27

SKY COVER
POSSIBLE SUNSHINE (PERCENT)   MM
AVERAGE SKY COVER           0.10
NUMBER OF DAYS FAIR           27
NUMBER OF DAYS PC              4
NUMBER OF DAYS CLOUDY          0

AVERAGE RH (PERCENT)     38

WEATHER CONDITIONS. NUMBER OF DAYS WITH
  0
  0
  0
  0
  0
  0
  0
HAZE                      8

-  INDICATES NEGATIVE NUMBERS.
R  INDICATES RECORD WAS SET OR TIED.
MM INDICATES DATA IS MISSING.
T  INDICATES TRACE AMOUNT.

$$
