000
CXUS56 KMFR 050649
CLMMFR
CLIMATE REPORT
NATIONAL WEATHER SERVICE MEDFORD, OR
1049 PM PST MON MAR 04 2024
...................................
...THE MEDFORD OR CLIMATE SUMMARY FOR THE MONTH OF FEBRUARY 2024...
CLIMATE NORMAL PERIOD 1991 TO 2020
CLIMATE RECORD PERIOD 1911 TO 2024
WEATHER OBSERVED NORMAL DEPART LAST YEAR`S
VALUE DATE(S) VALUE FROM VALUE DATE(S)
NORMAL
................................................................
TEMPERATURE (F)
RECORD
HIGH 79 02/08/2016
02/26/1992
02/25/1992
LOW 6 02/01/1950
HIGHEST 67 02/24 63 02/09
LOWEST 29 02/03 20 02/01
AVG. MAXIMUM 55.3 54.2 1.1 51.7
AVG. MINIMUM 37.1 33.9 3.2 28.6
MEAN 46.2 44.1 2.1 40.2
DAYS MAX >= 90 0 0.0 0.0 0
DAYS MAX <= 32 0 0.0 0.0 0
DAYS MIN <= 32 2 12.2 -10.2 23
DAYS MIN <= 0 0 0.0 0.0 0
PRECIPITATION (INCHES)
RECORD
MAXIMUM 5.67 1983
TOTALS 1.61 1.96 -0.35 0.78
DAILY AVG. 0.06 NAN NAN 0.03
DAYS >= .01 12 11.6 0.4 11
DAYS >= .10 4 5.2 -1.2 4
DAYS >= .50 1 1.0 0.0 0
DAYS >= 1.00 0 0.2 -0.2 0
GREATEST
24 HR. TOTAL 0.55 02/29 TO 02/29
SNOWFALL (INCHES)
RECORDS
TOTAL 17.5 1917
TOTALS 0.0 1.2 -1.2 3.5
SINCE 7/1 0.3 3.2 -2.9 MM
DEGREE DAYS
HEATING TOTAL 539 587 -48 687
SINCE 7/1 2601 3121 -520 MM
COOLING TOTAL 0 0 0 0
SINCE 1/1 0 0 0 MM
FREEZE DATES
RECORD
EARLIEST 09/13/1921
LATEST 06/12/1952
EARLIEST 10/28
LATEST 04/13
................................................................
WIND (MPH)
AVERAGE WIND SPEED 3.4
HIGHEST WIND SPEED/DIRECTION 31/140 DATE 02/19
HIGHEST GUST SPEED/DIRECTION 41/160 DATE 02/18
41/140 02/19
SKY COVER
POSSIBLE SUNSHINE (PERCENT) MM
AVERAGE SKY COVER 0.60
NUMBER OF DAYS FAIR 6
NUMBER OF DAYS PC 14
NUMBER OF DAYS CLOUDY 9
AVERAGE RH (PERCENT) 71
WEATHER CONDITIONS. NUMBER OF DAYS WITH
THUNDERSTORM 0 MIXED PRECIP 0
HEAVY RAIN 1 RAIN 3
LIGHT RAIN 17 FREEZING RAIN 0
LT FREEZING RAIN 0 HAIL 0
HEAVY SNOW 0 SNOW 0
LIGHT SNOW 0 SLEET 0
FOG 11 FOG W/VIS <= 1/4 MILE 3
HAZE 0
- INDICATES NEGATIVE NUMBERS.
R INDICATES RECORD WAS SET OR TIED.
MM INDICATES DATA IS MISSING.
T INDICATES TRACE AMOUNT.
$$