000
CXUS54 KMOB 011415
CLMMOB
CLIMATE REPORT
NATIONAL WEATHER SERVICE MOBILE AL
915 AM CDT MON APR 01 2024
...................................
...THE MOBILE CLIMATE SUMMARY FOR THE MONTH OF MARCH 2024...
CLIMATE NORMAL PERIOD: 1991 TO 2020
CLIMATE RECORD PERIOD: 1842 TO 2024
WEATHER OBSERVED NORMAL DEPART LAST YEAR`S
VALUE DATE(S) VALUE FROM VALUE DATE(S)
NORMAL
................................................................
TEMPERATURE (F)
RECORD
HIGH 91 03/27/1910
LOW 21 03/14/1993
HIGHEST 84 03/15 87 03/25
LOWEST 33 03/19 29 03/20
AVG. MAXIMUM 74.1 71.8 2.3 76.0
AVG. MINIMUM 51.9 50.0 1.9 54.7
MEAN 63.0 60.9 2.1 65.4
DAYS MAX >= 90 0 0.0 0.0 0
DAYS MAX <= 32 0 0.0 0.0 0
DAYS MIN <= 32 0 1.5 -1.5 1
DAYS MIN <= 0 0 0.0 0.0 0
PRECIPITATION (INCHES)
RECORD
MAXIMUM 20.23 1929
MINIMUM 0.24 2006
TOTALS 5.49 5.44 0.05 5.06
DAILY AVG. 0.18 0.18 0.00 0.16
DAYS >= .01 11 8.7 2.3 11
DAYS >= .10 8 5.8 2.2 7
DAYS >= .50 3 3.1 -0.1 4
DAYS >= 1.00 2 1.8 0.2 2
SNOWFALL (INCHES)
RECORDS
TOTAL 2.7 1993
TOTALS 0.0
SINCE 7/1 T
SNOWDEPTH AVG. 0
DAYS >= 1.0 0
GREATEST
SNOW DEPTH 0
24 HR TOTAL 0.0
DEGREE DAYS
HEATING TOTAL 95 175 -80 122
SINCE 7/1 1277 1558 -281 1080
COOLING TOTAL 41 47 -6 140
SINCE 1/1 70 71 -1 285
................................................................
WIND (MPH)
AVERAGE WIND SPEED 7.6
HIGHEST WIND SPEED/DIRECTION 31/120 DATE 03/25
HIGHEST GUST SPEED/DIRECTION 42/110 DATE 03/25
42/350 03/26
SKY COVER
POSSIBLE SUNSHINE (PERCENT)
AVERAGE SKY COVER 0.61
NUMBER OF DAYS FAIR 4
NUMBER OF DAYS PC 18
NUMBER OF DAYS CLOUDY 9
AVERAGE RH (PERCENT) 70
WEATHER CONDITIONS. NUMBER OF DAYS WITH
THUNDERSTORM 6 MIXED PRECIP 0
HEAVY RAIN 5 RAIN 7
LIGHT RAIN 12 FREEZING RAIN 0
LT FREEZING RAIN 0 HAIL 0
HEAVY SNOW 0 SNOW 0
LIGHT SNOW 0 SLEET 0
FOG 16 FOG W/VIS <= 1/4 MILE 5
HAZE 7
- INDICATES NEGATIVE NUMBERS.
R INDICATES RECORD WAS SET OR TIED.
MM INDICATES DATA IS MISSING.
T INDICATES TRACE AMOUNT.
$$