210
CXUS46 KLOX 012211
CLMPRB


CLIMATE REPORT
NATIONAL WEATHER SERVICE LOS ANGELES/OXNARD CA
311 PM PDT TUE MAY 1 2018

...................................

...THE PASO ROBLES AIRPORT CA CLIMATE SUMMARY FOR THE MONTH OF APRIL 2018...

CLIMATE NORMAL PERIOD 1981 TO 2010
CLIMATE RECORD PERIOD 1948 TO 2018

WEATHER         OBSERVED          NORMAL  DEPART  LAST YEAR`S
                 VALUE   DATE(S)  VALUE   FROM    VALUE
                                          NORMAL
.............................................................
TEMPERATURE (F)
HIGHEST            90   04/22
LOWEST             31   04/17
AVG. MAXIMUM     75.2              72.5     2.7
AVG. MINIMUM     42.4              41.2     1.2
MEAN             58.8              56.9     1.9
DAYS MAX >= 90      1
DAYS MAX <= 32      0
DAYS MIN <= 32      1
DAYS MIN <= 0       0

PRECIPITATION (INCHES)
TOTALS           0.20              0.68   -0.48
DAILY AVG.       0.01
DAYS >= .01         4
DAYS >= .10         1
DAYS >= .50         0
DAYS >= 1.00        0
GREATEST
 24 HR. TOTAL    0.14   04/07 TO 04/07
 STORM TOTAL       MM
 (MM/DD(HH))

DEGREE_DAYS
HEATING TOTAL     181               253     -72      167
 SINCE 7/1       2238              2712    -474     2252
COOLING TOTAL       4                 9      -5        1
 SINCE 1/1          4                 9      -5        1
..............................................................

WIND (MPH)
AVERAGE WIND SPEED              6.9
HIGHEST WIND SPEED/DIRECTION    26/340    DATE  04/12
HIGHEST GUST SPEED/DIRECTION    33/180    DATE  04/26

SKY COVER
POSSIBLE SUNSHINE (PERCENT)   MM
AVERAGE SKY COVER           0.10
NUMBER OF DAYS FAIR           27
NUMBER OF DAYS PC              2
NUMBER OF DAYS CLOUDY          1

AVERAGE RH (PERCENT)     63

WEATHER CONDITIONS. NUMBER OF DAYS WITH
  0
  1
  0
  0
  0
  0
  3
HAZE                      1

-  INDICATES NEGATIVE NUMBERS.
R  INDICATES RECORD WAS SET OR TIED.
MM INDICATES DATA IS MISSING.
T  INDICATES TRACE AMOUNT.

$$
