000
CXUS56 KMTR 010830
CLMSFO
CLIMATE REPORT
NATIONAL WEATHER SERVICE SAN FRANCISCO BAY AREA
1230 AM PST FRI MAR 01 2024
...................................
...THE SAN FRANCISCO AIRPORT CLIMATE SUMMARY FOR THE MONTH OF FEBRUARY 2024...
CLIMATE NORMAL PERIOD: 1991 TO 2020
CLIMATE RECORD PERIOD: 1927 TO 2024
WEATHER OBSERVED NORMAL DEPART LAST YEAR`S
VALUE DATE(S) VALUE FROM VALUE DATE(S)
NORMAL
................................................................
TEMPERATURE (F)
RECORD
HIGH 78 02/10/2022
LOW 30 02/01/1950
02/14/1949
HIGHEST 69 02/24 67 02/20
LOWEST 40 02/08 39 02/01
02/16
02/23
AVG. MAXIMUM 60.1 60.8 -0.7 58.1
AVG. MINIMUM 47.6 42.9
MEAN 53.8 53.5 0.3 50.5
DAYS MAX >= 90 0 0
DAYS MAX <= 32 0 0
DAYS MIN <= 32 0 0
DAYS MIN <= 0 0 0
PRECIPITATION (INCHES)
RECORD
MAXIMUM 13.64 1998
MINIMUM 0.00 2020
TOTALS 4.60 3.96 0.64 3.40
DAILY AVG. 0.16 NAN NAN 0.12
DAYS >= .01 13 10
DAYS >= .10 11 7
DAYS >= .50 3 4
DAYS >= 1.00 1 0
GREATEST
24 HR. TOTAL 1.63 02/03 TO 02/04 0.87 02/23 TO 02/24
DEGREE DAYS
HEATING TOTAL 316 323 -7 400
SINCE 7/1 1141 1699 -558 MM
COOLING TOTAL 0 0 0 0
SINCE 1/1 0 0 0 MM
................................................................
WIND (MPH)
AVERAGE WIND SPEED 8.3
RESULTANT WIND SPEED/DIRECTION 3/210
HIGHEST WIND SPEED/DIRECTION 47/180 DATE 02/04
HIGHEST GUST SPEED/DIRECTION 77/180 DATE 02/04
SKY COVER
POSSIBLE SUNSHINE (PERCENT) MM
AVERAGE SKY COVER 0.59
NUMBER OF DAYS FAIR 4
NUMBER OF DAYS PC 16
NUMBER OF DAYS CLOUDY 9
AVERAGE RH (PERCENT) 76
WEATHER CONDITIONS. NUMBER OF DAYS WITH
THUNDERSTORM 3 MIXED PRECIP 0
HEAVY RAIN 3 RAIN 7
LIGHT RAIN 14 FREEZING RAIN 0
LT FREEZING RAIN 0 HAIL 0
HEAVY SNOW 0 SNOW 0
LIGHT SNOW 0 SLEET 0
FOG 16 FOG W/VIS <= 1/4 MILE 0
HAZE 16
- INDICATES NEGATIVE NUMBERS.
R INDICATES RECORD WAS SET OR TIED.
MM INDICATES DATA IS MISSING.
T INDICATES TRACE AMOUNT.
$$