000
CXUS46 KLOX 012211
CLMSMX


CLIMATE REPORT
NATIONAL WEATHER SERVICE LOS ANGELES/OXNARD CA
311 PM PDT TUE MAY 1 2018

...................................

...THE SANTA MARIA AIRPORT CA CLIMATE SUMMARY FOR THE MONTH OF APRIL 2018...

CLIMATE NORMAL PERIOD 1981 TO 2010
CLIMATE RECORD PERIOD 1906 TO 2018

WEATHER         OBSERVED          NORMAL  DEPART  LAST YEAR`S
                 VALUE   DATE(S)  VALUE   FROM    VALUE
                                          NORMAL
.............................................................
TEMPERATURE (F)
HIGHEST            88   04/09
LOWEST             36   04/17
AVG. MAXIMUM     69.0              67.2     1.8
AVG. MINIMUM     46.9              44.0     2.9
MEAN             57.9              55.6     2.3
DAYS MAX >= 90      0
DAYS MAX <= 32      0
DAYS MIN <= 32      0
DAYS MIN <= 0       0

PRECIPITATION (INCHES)
TOTALS           0.41              0.98   -0.57
DAILY AVG.       0.01
DAYS >= .01         4
DAYS >= .10         2
DAYS >= .50         0
DAYS >= 1.00        0
GREATEST
 24 HR. TOTAL    0.18   04/19 TO 04/19

DEGREE_DAYS
HEATING TOTAL     213               286     -73      204
 SINCE 7/1       1638              2459    -821     2164
COOLING TOTAL       7                 4       3        4
 SINCE 1/1          7                 6       1       10
..............................................................

WIND (MPH)
AVERAGE WIND SPEED              8.7
HIGHEST WIND SPEED/DIRECTION    36/300    DATE  04/12
HIGHEST GUST SPEED/DIRECTION    45/290    DATE  04/12

SKY COVER
POSSIBLE SUNSHINE (PERCENT)   MM
AVERAGE SKY COVER           0.40
NUMBER OF DAYS FAIR           14
NUMBER OF DAYS PC             14
NUMBER OF DAYS CLOUDY          2

AVERAGE RH (PERCENT)     73

WEATHER CONDITIONS. NUMBER OF DAYS WITH
  0
  1
  0
  0
  0
  0
  5
HAZE                     13

-  INDICATES NEGATIVE NUMBERS.
R  INDICATES RECORD WAS SET OR TIED.
MM INDICATES DATA IS MISSING.
T  INDICATES TRACE AMOUNT.

$$
