000
CXUS51 KRLX 072055
CLSHTS


CLIMATE REPORT...CORRECTED RECORD DATA
NATIONAL WEATHER SERVICE CHARLESTON WV
352 PM EST WED MAR 7 2018

...................................

...THE HUNTINGTON WV CLIMATE SUMMARY FOR THE SEASON, FROM
12/1/2017 TO 2/28/2018...

CLIMATE NORMAL PERIOD 1981 TO 2010
CLIMATE RECORD PERIOD 1897 TO 2018

WEATHER         OBSERVED          NORMAL  DEPART  LAST YEAR`S
                 VALUE   DATE(S)  VALUE   FROM    VALUE  DATE(S)
                                          NORMAL
................................................................
TEMPERATURE (F)
RECORD
 HIGH              81   02/20/2018
 LOW              -24   02/09/1899
HIGHEST            81R  02/20                         80
LOWEST                  01/02                          8
AVG. MAXIMUM     46.4              44.6     1.8     50.8
AVG. MINIMUM     28.3              27.3     1.0     33.3
MEAN             37.3              36.0     1.3     42.1
DAYS MAX >= 90      0               0.0     0.0        0
DAYS MAX <= 32     21              14.1     6.9        7
DAYS MIN <= 32     58              61.1    -3.1       42
DAYS MIN <= 0       2               0.9     1.1        0

PRECIPITATION (INCHES)
RECORD
 MAXIMUM        18.74   1937
 MINIMUM         4.99   1941
TOTALS          13.39              9.35    4.04    10.81
DAILY AVG.       0.15              0.10    0.05     0.12
DAYS >= .01        36              38.2    -2.2       45
DAYS >= .10        22              20.2     1.8       24
DAYS >= .50         9               5.9     3.1       11
DAYS >= 1.00        5               1.6     3.4        1
GREATEST
 24 HR. TOTAL    1.58

SNOWFALL (INCHES)
RECORDS
 TOTAL           45.3   1936
 24 HR TOTAL     14.0   01/18/1939 TO 01/19/1939
 SNOW DEPTH        20   01/20/1978
TOTALS            7.2              18.1   -10.9      5.9
SINCE 7/1         7.2              18.9   -11.7      5.9
SNOWDEPTH AVG.      0                                  0
DAYS >= TRACE      28              14.7    13.3       12
DAYS >= 1.0         2               5.4    -3.4        3
GREATEST
 SNOW DEPTH         5   01/18                          2  01/30
                        01/17                             01/06
 24 HR TOTAL      4.9

DEGREE_DAYS
HEATING TOTAL    2478              2614    -136     2051
 SINCE 7/1         MM              3501      MM       MM
COOLING TOTAL       7                 1       6        1
 SINCE 1/1          7                 0       7        1
.................................................................

WIND (MPH)
AVERAGE WIND SPEED              6.1
HIGHEST WIND SPEED/DIRECTION    25/220    DATE  02/21
HIGHEST GUST SPEED/DIRECTION    37/270    DATE  12/24

SKY COVER
POSSIBLE SUNSHINE (PERCENT)   MM
AVERAGE SKY COVER           0.60
NUMBER OF DAYS FAIR           24
NUMBER OF DAYS PC             35
NUMBER OF DAYS CLOUDY         31

AVERAGE RH (PERCENT)     65

WEATHER CONDITIONS. NUMBER OF DAYS WITH
THUNDERSTORM              0     MIXED PRECIP               0
HEAVY RAIN               15     RAIN                      19
LIGHT RAIN               33     FREEZING RAIN              0
LT FREEZING RAIN          0     HAIL                       0
HEAVY SNOW                0     SNOW                       4
LIGHT SNOW               28     SLEET                      0
FOG                      42     FOG W/VIS <= 1/4 MILE      4
HAZE                     16

-  INDICATES NEGATIVE NUMBERS.
R  INDICATES RECORD WAS SET OR TIED.
MM INDICATES DATA IS MISSING.
T  INDICATES TRACE AMOUNT.

$$
