000
CXUS54 KFWD 070343
CF60F2
PRELIMINARY LOCAL CLIMATOLOGICAL DATA (WS FORM: F-6)
STATION: BOWIE
MONTH: NOVEMBER
YEAR: 2020
LATITUDE: 33 36 N
LONGITUDE: 97 47 W
TEMPERATURE IN F: :PCPN: SNOW: WIND :SUNSHINE: SKY :PK WND
================================================================================
1 2 3 4 5 6A 6B 7 8 9 10 11 12 13 14 15 16 17 18
12Z AVG MX 2MIN
DY MAX MIN AVG DEP HDD CDD WTR SNW DPTH SPD SPD DIR MIN PSBL S-S WX SPD DR
================================================================================
1 70 41 56 -2 9 0 0.00 M M 3.7 7 10 M M 0 M M
2 70 34 52 -6 13 0 0.00 M M 3.2 9 170 M M 0 17 170
3 77 39 58 0 7 0 0.00 M M 6.1 15 190 M M 0 23 190
4 76 47 62 5 3 0 0.00 M M 9.3 16 170 M M 0 24 190
5 77 53 65 8 0 0 0.00 M M 5.3 12 190 M M 0 18 170
6 75 55 65 8 0 0 0.00 M M 5.2 12 160 M M 2 21 140
7 75 53 64 8 1 0 0.00 M M 6.2 12 170 M M 0 20 180
8 75 55 65 9 0 0 0.00 M M 8.3 15 160 M M 3 28 160
9 73 60 67 12 0 2 0.00 M M 10.9 20 170 M M 5 25 160
10 67 44 56 1 9 0 0.00 M M 7.6 15 300 M M 2 24 320
11 71 37 54 0 11 0 0.00 M M 1.4 5 180 M M 0 8 M M
12 79 50 65 11 0 0 0.00 M M 7.5 14 200 M M 3 22 170
13 62 46 54 0 11 0 0.00 M M 3.5 9 20 M M 4 16 30
14 82 50 66 13 0 1 0.00 M M 11.5 27 360 M M 6 38 360
15 63 36 50 -3 15 0 0.00 M M 6.4 23 350 M M 0 33 350
16 71 31 51 -1 14 0 0.00 M M 2.8 10 160 M M 1 8 M M
17 73 37 55 3 10 0 0.00 M M 3.4 10 160 M M 0 20 160
18 74 43 59 7 6 0 0.00 M M 11.1 18 180 M M 0 28 190
19 76 52 64 13 1 0 0.00 M M 12.3 20 190 M M 1 29 190
20 76 56 66 15 0 1 0.00 M M 7.9 17 170 M M 0 23 170
21 73 54 64 14 1 0 0.00 M M 4.6 10 360 M M 9 M M
22 54 39 47 -3 18 0 0.00 M M 6.2 13 360 M M 8 1 20 360
23 58 38 48 -1 17 0 0.00 M M 6.6 13 160 M M 7 22 150
24 73 49 61 12 4 0 0.34 M M 12.9 18 310 M M 7 1 32 270
25 62 37 50 2 15 0 0.00 M M 8.1 18 300 M M 0 30 300
26 73 38 56 8 9 0 0.00 M M 6.7 14 200 M M 0 24 190
27 63 42 53 5 12 0 0.00 M M 7.6 15 350 M M 0 20 20
28 56 41 49 2 16 0 0.47 M M 5.0 9 90 M M 6 18 70
29 51 38 45 -2 20 0 0.00 M M 9.8 22 330 M M 8 1 29 350
30 49 26 38 -8 27 0 0.00 M M 7.6 15 350 M M 0 22 350
================================================================================
SM 2074 1321 249 4 0.81 M 208.7 M 72
================================================================================
AV 69.1 44.0 7.0 FASTST M M 2 MAX(MPH)
MISC ----> 27 360 38 360
================================================================================
NOTES:
# LAST OF SEVERAL OCCURRENCES
COLUMN 17 PEAK WIND IN M.P.H.
PRELIMINARY LOCAL CLIMATOLOGICAL DATA (WS FORM: F-6) , PAGE 2
STATION: BOWIE
MONTH: NOVEMBER
YEAR: 2020
LATITUDE: 33 36 N
LONGITUDE: 97 47 W
[TEMPERATURE DATA] [PRECIPITATION DATA] SYMBOLS USED IN COLUMN 16
AVERAGE MONTHLY: 56.6 TOTAL FOR MONTH: 0.81 1 = FOG OR MIST
DPTR FM NORMAL: 4.1 DPTR FM NORMAL: -1.40 2 = FOG REDUCING VISIBILITY
HIGHEST: 82 ON 14 GRTST 24HR 0.47 ON 28-28 TO 1/4 MILE OR LESS
LOWEST: 26 ON 30 3 = THUNDER
SNOW, ICE PELLETS, HAIL 4 = ICE PELLETS
TOTAL MONTH: M 5 = HAIL
GRTST 24HR M ON M 6 = FREEZING RAIN OR DRIZZLE
GRTST DEPTH: M ON M 7 = DUSTSTORM OR SANDSTORM:
VSBY 1/2 MILE OR LESS
8 = SMOKE OR HAZE
[NO. OF DAYS WITH] [WEATHER - DAYS WITH] 9 = BLOWING SNOW
X = TORNADO
MAX 32 OR BELOW: 0 0.01 INCH OR MORE: 2
MAX 90 OR ABOVE: 0 0.10 INCH OR MORE: 2
MIN 32 OR BELOW: 2 0.50 INCH OR MORE: 0
MIN 0 OR BELOW: 0 1.00 INCH OR MORE: 0
[HDD (BASE 65) ]
TOTAL THIS MO. 249 CLEAR (SCALE 0-3) 20
DPTR FM NORMAL -134 PTCLDY (SCALE 4-7) 9
TOTAL FM JUL 1 466 CLOUDY (SCALE 8-10) 1
DPTR FM NORMAL -58
[CDD (BASE 65) ]
TOTAL THIS MO. 4
DPTR FM NORMAL -6 [PRESSURE DATA]
TOTAL FM JAN 1 2438 HIGHEST SLP M ON M
DPTR FM NORMAL 366 LOWEST SLP M ON M
[REMARKS]
#FINAL-11-20#