000
CXUS54 KHGX 011510
CF611R
PRELIMINARY LOCAL CLIMATOLOGICAL DATA (WS FORM: F-6)
STATION: BRENHAM
MONTH: JANUARY
YEAR: 2024
LATITUDE: 30 13 N
LONGITUDE: 96 22 W
TEMPERATURE IN F: :PCPN: SNOW: WIND :SUNSHINE: SKY :PK WND
================================================================================
1 2 3 4 5 6A 6B 7 8 9 10 11 12 13 14 15 16 17 18
12Z AVG MX 2MIN
DY MAX MIN AVG DEP HDD CDD WTR SNW DPTH SPD SPD DIR MIN PSBL S-S WX SPD DR
================================================================================
1 58 40 49 M 16 0 0.00 0.0 0 5.8 15 350 M M 7 12 20 350
2 59 36 48 M 17 0 0.65 0.0 0 4.7 13 360 M M 7 20 100
3 51 40 46 M 19 0 0.01 0.0 0 5.8 13 340 M M 8 1 16 360
4 64 35 50 M 15 0 T 0.0 0 6.4 17 120 M M 7 12 23 120
5 62 43 53 M 12 0 0.69 0.0 0 5.3 13 360 M M 6 20 310
6 61 42 52 M 13 0 0.00 0.0 0 5.2 9 330 M M 0 M M
7 65 34 50 M 15 0 0.00 0.0 0 5.5 13 120 M M 2 20 160
8 78 52 65 M 0 0 0.80 0.0 0 10.3 23 330 M M 10 3 33 330
9 58 34 46 M 19 0 0.00 0.0 0 13.6 27 300 M M 0 37 320
10 69 32 51 M 14 0 0.00 0.0 0 6.3 17 200 M M 0 27 200
11 77 52 65 M 0 0 0.00 0.0 0 9.6 23 190 M M 8 12 29 190
12 70 33 52 M 13 0 0.00 0.0 0 14.9 30 310 M M 2 43 310
13 65 31 48 M 17 0 0.00 0.0 0 5.3 18 180 M M 0 23 190
14 45 23 34 M 31 0 0.00 0.0 0 13.6 17 350 M M 10 1 22 350
15 24 21 23 M 42 0 0.00 0.0 0 13.4 18 360 M M 9 1 25 360
16 32 19 26 M 39 0 0.00 0.0 0 11.9 20 360 M M 0 3 28 10
17 48 15 32 M 33 0 0.00 0.0 0 4.7 10 160 M M 4 1 17 160
18 73 42 58 M 7 0 0.00 0.0 0 5.7 16 220 M M 5 1 27 220
19 55 32 44 M 21 0 0.00 0.0 0 12.9 21 10 M M 0 28 360
20 46 26 36 M 29 0 0.00 0.0 0 4.7 8 10 M M 3 3 M M
21 44 39 42 M 23 0 T 0.0 0 6.3 9 100 M M 10 M M
22 60 44 52 M 13 0 3.46 0.0 0 4.7 14 130 M M 10 13 23 130
23 71 60 66 M 0 1 5.54 0.0 0 4.6 12 190 M M 9 13 M M
24 63 56 60 M 5 0 2.54 0.0 0 3.3 9 330 M M 10 13 21 270
25 57 53 55 M 10 0 0.45 0.0 0 4.4 12 350 M M 9 12 16 350
26 60 53 57 M 8 0 0.06 0.0 0 4.3 12 330 M M 10 12 M M
27 58 46 52 M 13 0 0.00 0.0 0 10.2 22 330 M M 7 1 29 330
28 64 40 52 M 13 0 0.00 0.0 0 6.0 12 360 M M 0 18 330
29 71 37 54 M 11 0 0.00 0.0 0 1.8 7 200 M M 0 M M
30 74 47 61 M 4 0 0.00 0.0 0 2.9 7 280 M M 0 M M
31 76 45 61 M 4 0 0.00 0.0 0 1.6 9 150 M M 0 M M
================================================================================
SM 1858 1202 476 1 14.20 0.0 215.7 M 153
================================================================================
AV 59.9 38.8 7.0 FASTST M M 5 MAX(MPH)
MISC ----> 30 310 43 310
================================================================================
NOTES:
# LAST OF SEVERAL OCCURRENCES
COLUMN 17 PEAK WIND IN M.P.H.
PRELIMINARY LOCAL CLIMATOLOGICAL DATA (WS FORM: F-6) , PAGE 2
STATION: BRENHAM
MONTH: JANUARY
YEAR: 2024
LATITUDE: 30 13 N
LONGITUDE: 96 22 W
[TEMPERATURE DATA] [PRECIPITATION DATA] SYMBOLS USED IN COLUMN 16
AVERAGE MONTHLY: 49.4 TOTAL FOR MONTH: 14.20 1 = FOG OR MIST
DPTR FM NORMAL: -3.0 DPTR FM NORMAL: 11.18 2 = FOG REDUCING VISIBILITY
HIGHEST: 78 ON 8 GRTST 24HR 5.54 ON 23-23 TO 1/4 MILE OR LESS
LOWEST: 15 ON 17 3 = THUNDER
SNOW, ICE PELLETS, HAIL 4 = ICE PELLETS
TOTAL MONTH: 0.0 INCH 5 = HAIL
GRTST 24HR 0.0 6 = FREEZING RAIN OR DRIZZLE
GRTST DEPTH: 0 7 = DUSTSTORM OR SANDSTORM:
VSBY 1/2 MILE OR LESS
8 = SMOKE OR HAZE
[NO. OF DAYS WITH] [WEATHER - DAYS WITH] 9 = BLOWING SNOW
X = TORNADO
MAX 32 OR BELOW: 2 0.01 INCH OR MORE: 9
MAX 90 OR ABOVE: 0 0.10 INCH OR MORE: 7
MIN 32 OR BELOW: 8 0.50 INCH OR MORE: 6
MIN 0 OR BELOW: 0 1.00 INCH OR MORE: 3
[HDD (BASE 65) ]
TOTAL THIS MO. 476 CLEAR (SCALE 0-3) 13
DPTR FM NORMAL M PTCLDY (SCALE 4-7) 9
TOTAL FM JUL 1 971 CLOUDY (SCALE 8-10) 9
DPTR FM NORMAL M
[CDD (BASE 65) ]
TOTAL THIS MO. 1
DPTR FM NORMAL M [PRESSURE DATA]
TOTAL FM JAN 1 1 HIGHEST SLP M ON M
DPTR FM NORMAL M LOWEST SLP M ON M
[REMARKS]
#FINAL-01-24#