000
CXUS51 KBTV 010700
CF61V4
PRELIMINARY LOCAL CLIMATOLOGICAL DATA (WS FORM: F-6)
STATION: SAINT JOHNSBURY VT ASOS
MONTH: OCTOBER
YEAR: 2022
LATITUDE: 44 25 N
LONGITUDE: 72 1 W
TEMPERATURE IN F: :PCPN: SNOW: WIND :SUNSHINE: SKY :PK WND
================================================================================
1 2 3 4 5 6A 6B 7 8 9 10 11 12 13 14 15 16 17 18
12Z AVG MX 2MIN
DY MAX MIN AVG DEP HDD CDD WTR SNW DPTH SPD SPD DIR MIN PSBL S-S WX SPD DR
================================================================================
1 70 39 55 2 10 0 0.00 M M M M M M M 0 M M
2 60 36 48 -4 17 0 0.00 M M M M M M M 0 M M
3 62 30 46 -6 19 0 0.00 M M M M M M M 0 M M
4 66 31 49 -2 16 0 0.00 M M M M M M M 0 M M
5 72 39 56 5 9 0 0.00 M M M M M M M 0 M M
6 77 36 57 6 8 0 0.00 M M M M M M M 0 M M
7 68 45 57 7 8 0 0.00 M M M M M M M 0 M M
8 52 34 43 -7 22 0 0.00 M M M M M M M 0 M M
9 53 31 42 -7 23 0 0.00 M M M M M M M 0 M M
10 52 32 42 -7 23 0 0.00 M M M M M M M 0 M M
11 60 29 45 -3 20 0 0.00 M M M M M M M 0 M M
12 71 32 52 4 13 0 0.00 M M M M M M M 0 M M
13 66 43 55 7 10 0 0.00 M M M M M M M 0 M M
14 63 45 54 7 11 0 0.00 M M M M M M M 0 M M
15 64 38 51 4 14 0 0.00 M M M M M M M 0 M M
16 61 36 49 2 16 0 0.00 M M M M M M M 0 M M
17 37 34 36 -10 29 0 0.00 M M M M M M M 0 M M
18 56 40 48 2 17 0 0.00 M M M M M M M 0 M M
19 55 35 45 0 20 0 0.00 M M M M M M M 0 M M
20 52 34 43 -2 22 0 0.00 M M M M M M M 0 M M
21 57 30 44 -1 21 0 0.00 M M M M M M M 0 M M
22 68 30 49 5 16 0 0.00 M M M M M M M 0 M M
23 66 34 50 6 15 0 0.00 M M M M M M M 0 M M
24 67 48 58 14 7 0 0.00 M M M M M M M 0 M M
25 75 58 67 24 0 2 0.00 M M M M M M M 0 M M
26 70 59 65 22 0 0 0.00 M M M M M M M 0 M M
27 63 32 48 5 17 0 0.00 M M M M M M M 0 M M
28 52 27 40 -2 25 0 0.00 M M M M M M M 0 M M
29 61 26 44 2 21 0 0.00 M M M M M M M 0 M M
30 64 25 45 3 20 0 0.00 M M M M M M M 0 M M
31 63 28 46 5 19 0 0.00 M M M M M M M 0 M M
================================================================================
SM 1923 1116 488 2 0.00 M M M 0
================================================================================
AV 62.0 36.0 M FASTST M M 0 MAX(MPH)
MISC ----> M M M M
================================================================================
NOTES:
# LAST OF SEVERAL OCCURRENCES
COLUMN 17 PEAK WIND IN M.P.H.
PRELIMINARY LOCAL CLIMATOLOGICAL DATA (WS FORM: F-6) , PAGE 2
STATION: SAINT JOHNSBURY VT ASOS
MONTH: OCTOBER
YEAR: 2022
LATITUDE: 44 25 N
LONGITUDE: 72 1 W
[TEMPERATURE DATA] [PRECIPITATION DATA] SYMBOLS USED IN COLUMN 16
AVERAGE MONTHLY: 49.0 TOTAL FOR MONTH: 0.00 1 = FOG OR MIST
DPTR FM NORMAL: 2.3 DPTR FM NORMAL: -3.87 2 = FOG REDUCING VISIBILITY
HIGHEST: 77 ON 6 GRTST 24HR 0.00 ON 1- 1 TO 1/4 MILE OR LESS
LOWEST: 25 ON 30 3 = THUNDER
SNOW, ICE PELLETS, HAIL 4 = ICE PELLETS
TOTAL MONTH: M 5 = HAIL
GRTST 24HR M ON M 6 = FREEZING RAIN OR DRIZZLE
GRTST DEPTH: M ON M 7 = DUSTSTORM OR SANDSTORM:
VSBY 1/2 MILE OR LESS
8 = SMOKE OR HAZE
[NO. OF DAYS WITH] [WEATHER - DAYS WITH] 9 = BLOWING SNOW
X = TORNADO
MAX 32 OR BELOW: 0 0.01 INCH OR MORE: 0
MAX 90 OR ABOVE: 0 0.10 INCH OR MORE: 0
MIN 32 OR BELOW: 13 0.50 INCH OR MORE: 0
MIN 0 OR BELOW: 0 1.00 INCH OR MORE: 0
[HDD (BASE 65) ]
TOTAL THIS MO. 488 CLEAR (SCALE 0-3) 31
DPTR FM NORMAL -80 PTCLDY (SCALE 4-7) 0
TOTAL FM JUL 1 621 CLOUDY (SCALE 8-10) 0
DPTR FM NORMAL -228
[CDD (BASE 65) ]
TOTAL THIS MO. 2
DPTR FM NORMAL 1 [PRESSURE DATA]
TOTAL FM JAN 1 102 HIGHEST SLP M ON M
DPTR FM NORMAL -228 LOWEST SLP M ON M
[REMARKS]
#FINAL-10-22#