000
CXUS55 KBOU 010900
CF620V
PRELIMINARY LOCAL CLIMATOLOGICAL DATA (WS FORM: F-6)
STATION: KREMMLING
MONTH: AUGUST
YEAR: 2023
LATITUDE: 40 3 N
LONGITUDE: 106 22 W
TEMPERATURE IN F: :PCPN: SNOW: WIND :SUNSHINE: SKY :PK WND
================================================================================
1 2 3 4 5 6A 6B 7 8 9 10 11 12 13 14 15 16 17 18
12Z AVG MX 2MIN
DY MAX MIN AVG DEP HDD CDD WTR SNW DPTH SPD SPD DIR MIN PSBL S-S WX SPD DR
================================================================================
1 81 54 68 M 0 3 M M M 4.7 27 180 M M 5 3 40 180
2 79 54 67 M 0 2 M M M 3.8 13 330 M M 5 3 25 200
3 75 50 63 M 2 0 M M M 5.0 16 230 M M 3 27 230
4 79 45 62 M 3 0 M M M 5.7 20 260 M M 2 24 260
5 77 39 58 M 7 0 M M M 2.2 13 340 M M 4 44 360
6 73 39 56 M 9 0 M M M 3.4 13 220 M M 3 3 33 350
7 73 37 55 M 10 0 M M M 3.3 18 230 M M 3 12 32 230
8 79 39 59 M 6 0 M M M 5.8 22 250 M M 1 29 210
9 79 37 58 M 7 0 M M M 3.1 16 280 M M 2 23 280
10 79 37 58 M 7 0 M M M 4.1 12 190 M M 3 27 360
11 77 41 59 M 6 0 M M M 3.0 9 40 M M 5 3 22 40
12 75 48 62 M 3 0 M M M 2.8 13 190 M M 3 17 190
13 81 41 61 M 4 0 M M M 5.8 16 330 M M 2 21 330
14 81 37 59 M 6 0 M M M 2.6 9 320 M M 0 20 350
15 88 37 63 M 2 0 M M M 1.7 10 340 M M 0 16 320
16 88 41 65 M 0 0 M M M 3.9 24 70 M M 2 32 70
17 90 43 67 M 0 2 M M M 2.9 15 150 M M 2 3 26 330
18 79 54 67 M 0 2 M M M 6.0 22 220 M M 4 3 30 240
19 88 45 67 M 0 2 M M M 3.1 18 190 M M 2 35 190
20 90 48 69 M 0 4 M M M 2.1 7 260 M M 0 10 280
21 90 37 64 M 1 0 M M M 2.9 17 200 M M 1 24 200
22 82 43 63 M 2 0 M M M 2.1 10 270 M M 1 30 0
23 81 45 63 M 2 0 M M M 2.5 12 260 M M 5 16 260
24 82 54 68 M 0 3 M M M 2.4 15 40 M M 6 3 18 40
25 68 54 61 M 4 0 M M M 2.0 14 110 M M 8 3 M M
26 77 50 64 M 1 0 M M M 2.4 16 50 M M 5 25 50
27 79 54 67 M 0 2 M M M 2.7 13 30 M M 4 3 18 210
28 79 45 62 M 3 0 M M M 2.3 12 360 M M 2 1 20 40
29 79 41 60 M 5 0 M M M 1.4 7 90 M M 0 2 M M
30 88 39 64 M 1 0 M M M 4.8 18 230 M M 1 29 240
31 86 39 63 M 2 0 M M M 5.9 21 230 M M 0 30 230
================================================================================
SM 2502 1367 93 20 M M 106.4 M 84
================================================================================
AV 80.7 44.1 3.4 FASTST M M 3 MAX(MPH)
MISC ----> 27 180 44 360
================================================================================
NOTES:
# LAST OF SEVERAL OCCURRENCES
COLUMN 17 PEAK WIND IN M.P.H.
PRELIMINARY LOCAL CLIMATOLOGICAL DATA (WS FORM: F-6) , PAGE 2
STATION: KREMMLING
MONTH: AUGUST
YEAR: 2023
LATITUDE: 40 3 N
LONGITUDE: 106 22 W
[TEMPERATURE DATA] [PRECIPITATION DATA] SYMBOLS USED IN COLUMN 16
AVERAGE MONTHLY: 62.4 TOTAL FOR MONTH: M 1 = FOG OR MIST
DPTR FM NORMAL: 0.0 DPTR FM NORMAL: M 2 = FOG REDUCING VISIBILITY
HIGHEST: 90 ON 17,20 GRTST 24HR M ON M TO 1/4 MILE OR LESS
LOWEST: 37 ON 7, 9 3 = THUNDER
SNOW, ICE PELLETS, HAIL 4 = ICE PELLETS
TOTAL MONTH: M 5 = HAIL
GRTST 24HR M ON M 6 = FREEZING RAIN OR DRIZZLE
GRTST DEPTH: M ON M 7 = DUSTSTORM OR SANDSTORM:
VSBY 1/2 MILE OR LESS
8 = SMOKE OR HAZE
[NO. OF DAYS WITH] [WEATHER - DAYS WITH] 9 = BLOWING SNOW
X = TORNADO
MAX 32 OR BELOW: 0 0.01 INCH OR MORE: 0
MAX 90 OR ABOVE: 3 0.10 INCH OR MORE: 0
MIN 32 OR BELOW: 0 0.50 INCH OR MORE: 0
MIN 0 OR BELOW: 0 1.00 INCH OR MORE: 0
[HDD (BASE 65) ]
TOTAL THIS MO. 93 CLEAR (SCALE 0-3) 19
DPTR FM NORMAL M PTCLDY (SCALE 4-7) 12
TOTAL FM JUL 1 139 CLOUDY (SCALE 8-10) 0
DPTR FM NORMAL M
[CDD (BASE 65) ]
TOTAL THIS MO. 20
DPTR FM NORMAL M [PRESSURE DATA]
TOTAL FM JAN 1 50 HIGHEST SLP M ON M
DPTR FM NORMAL M LOWEST SLP M ON M
[REMARKS]
#FINAL-08-23#