000
CXUS53 KUNR 010930
CF62WX
PRELIMINARY LOCAL CLIMATOLOGICAL DATA (WS FORM: F-6)
STATION: BUFFALO SD
MONTH: SEPTEMBER
YEAR: 2022
LATITUDE: 45 35 N
LONGITUDE: 103 33 W
TEMPERATURE IN F: :PCPN: SNOW: WIND :SUNSHINE: SKY :PK WND
================================================================================
1 2 3 4 5 6A 6B 7 8 9 10 11 12 13 14 15 16 17 18
12Z AVG MX 2MIN
DY MAX MIN AVG DEP HDD CDD WTR SNW DPTH SPD SPD DIR MIN PSBL S-S WX SPD DR
================================================================================
1 99 58 79 13 0 14 0.00 M M 8.4 23 330 M M M 31 330
2 88 61 75 9 0 10 0.00 M M 9.1 20 40 M M M 26 40
3 93 58 76 10 0 11 0.00 M M 15.6 25 130 M M M 35 150
4 105 59 82 17 0 17 0.00 M M 10.5 22 160 M M M 31 170
5 100 60 80 15 0 15 0.00 M M 9.0 21 270 M M M 25 270
6 92 62 77 12 0 12 0.00 M M 12.4 23 80 M M M 28 70
7 103 59 81 17 0 16 0.00 M M 8.9 26 300 M M M 36 300
8 85 54 70 6 0 5 0.13 M M 13.4 30 360 M M M 39 330
9 63 44 54 -10 11 0 0.29 M M 9.8 32 310 M M M 51 330
10 71 41 56 -7 9 0 0.00 M M 7.6 18 270 M M M 24 260
11 81 46 64 1 1 0 0.00 M M 5.8 14 160 M M M 19 180
12 88 48 68 6 0 3 0.00 M M 8.7 23 300 M M M 30 290
13 79 46 63 1 2 0 0.00 M M 10.2 20 80 M M M 27 110
14 84 53 69 7 0 4 0.00 M M 12.5 25 330 M M M 32 320
15 74 54 64 3 1 0 0.00 M M 11.8 35 320 M M M 44 320
16 76 54 65 4 0 0 0.00 M M 5.7 22 80 M M M 27 80
17 77 54 66 6 0 1 0.00 M M 7.8 20 280 M M M 27 260
18 83 51 67 7 0 2 0.00 M M 6.3 15 120 M M M 21 140
19 93 53 73 14 0 8 0.00 M M 8.4 21 260 M M M 28 270
20 71 52 62 3 3 0 0.00 M M 15.3 25 330 M M M 32 330
21 67 45 56 -2 9 0 0.00 M M 8.8 15 340 M M M 21 330
22 65 42 54 -4 11 0 0.01 M M 19.6 44 140 M M M 58 140
23 72 47 60 3 5 0 0.00 M M 15.8 37 290 M M M 52 290
24 75 47 61 4 4 0 0.00 M M 15.2 38 310 M M M 49 320
25 75 43 59 3 6 0 0.00 M M 9.2 24 330 M M M 39 340
26 82 44 63 7 2 0 0.00 M M 9.6 29 320 M M M 36 320
27 79 45 62 7 3 0 0.00 M M 8.6 18 150 M M M 24 120
28 86 48 67 12 0 2 0.00 M M 9.0 22 150 M M M 27 140
29 92 48 70 16 0 5 0.00 M M 8.2 16 60 M M M 21 70
30 80 50 65 11 0 0 0.00 M M 6.6 15 40 M M M 19 40
================================================================================
SM 2478 1526 67 125 0.43 M 307.8 M M
================================================================================
AV 82.6 50.9 10.3 FASTST M M M MAX(MPH)
MISC ----> 44 140 58 140
================================================================================
NOTES:
# LAST OF SEVERAL OCCURRENCES
COLUMN 17 PEAK WIND IN M.P.H.
PRELIMINARY LOCAL CLIMATOLOGICAL DATA (WS FORM: F-6) , PAGE 2
STATION: BUFFALO SD
MONTH: SEPTEMBER
YEAR: 2022
LATITUDE: 45 35 N
LONGITUDE: 103 33 W
[TEMPERATURE DATA] [PRECIPITATION DATA] SYMBOLS USED IN COLUMN 16
AVERAGE MONTHLY: 66.7 TOTAL FOR MONTH: 0.43 1 = FOG OR MIST
DPTR FM NORMAL: 6.1 DPTR FM NORMAL: -0.70 2 = FOG REDUCING VISIBILITY
HIGHEST: 105 ON 4 GRTST 24HR 0.42 ON 8- 9 TO 1/4 MILE OR LESS
LOWEST: 41 ON 10 3 = THUNDER
SNOW, ICE PELLETS, HAIL 4 = ICE PELLETS
TOTAL MONTH: M 5 = HAIL
GRTST 24HR M ON M 6 = FREEZING RAIN OR DRIZZLE
GRTST DEPTH: M ON M 7 = DUSTSTORM OR SANDSTORM:
VSBY 1/2 MILE OR LESS
8 = SMOKE OR HAZE
[NO. OF DAYS WITH] [WEATHER - DAYS WITH] 9 = BLOWING SNOW
X = TORNADO
MAX 32 OR BELOW: 0 0.01 INCH OR MORE: 3
MAX 90 OR ABOVE: 8 0.10 INCH OR MORE: 2
MIN 32 OR BELOW: 0 0.50 INCH OR MORE: 0
MIN 0 OR BELOW: 0 1.00 INCH OR MORE: 0
[HDD (BASE 65) ]
TOTAL THIS MO. 67 CLEAR (SCALE 0-3) 0
DPTR FM NORMAL -123 PTCLDY (SCALE 4-7) 0
TOTAL FM JUL 1 73 CLOUDY (SCALE 8-10) 30
DPTR FM NORMAL -160
[CDD (BASE 65) ]
TOTAL THIS MO. 125
DPTR FM NORMAL 67 [PRESSURE DATA]
TOTAL FM JAN 1 841 HIGHEST SLP 30.35 ON 21
DPTR FM NORMAL 265 LOWEST SLP 29.63 ON 8
[REMARKS]
#FINAL-09-22#