000
CXUS53 KUNR 010930
CF62WX
PRELIMINARY LOCAL CLIMATOLOGICAL DATA (WS FORM: F-6)
STATION: BUFFALO SD
MONTH: MARCH
YEAR: 2022
LATITUDE: 45 35 N
LONGITUDE: 103 33 W
TEMPERATURE IN F: :PCPN: SNOW: WIND :SUNSHINE: SKY :PK WND
================================================================================
1 2 3 4 5 6A 6B 7 8 9 10 11 12 13 14 15 16 17 18
12Z AVG MX 2MIN
DY MAX MIN AVG DEP HDD CDD WTR SNW DPTH SPD SPD DIR MIN PSBL S-S WX SPD DR
================================================================================
1 60 39 50 22 15 0 0.00 M M 10.8 23 290 M M M 30 290
2 55 27 41 13 24 0 0.00 M M 13.4 25 70 M M M 30 70
3 30 21 26 -2 39 0 0.00 M M 18.1 28 140 M M M 34 140
4 32 24 28 -1 37 0 0.00 M M 13.1 28 130 M M M 34 120
5 25 13 19 -10 46 0 0.00 M M 23.1 36 310 M M M 45 310
6 26 10 18 -12 47 0 0.00 M M 19.3 29 320 M M M 37 340
7 40 10 25 -5 40 0 0.00 M M 16.0 30 260 M M M 36 270
8 32 8 20 -10 45 0 0.00 M M 27.3 39 300 M M M 50 310
9 20 2 11 -20 54 0 0.00 M M 15.8 30 310 M M M 37 310
10 29 -1 14 -17 51 0 0.00 M M 22.3 46 290 M M M 57 280
11 22 -5 9 -23 56 0 0.00 M M 13.8 26 310 M M M 33 310
12 56 16 36 4 29 0 0.00 M M 16.1 39 290 M M M 50 300
13 48 24 36 4 29 0 0.02 M M 9.2 21 70 M M M 26 70
14 56 31 44 11 21 0 0.01 M M 9.1 30 290 M M M 37 290
15 68 33 51 18 14 0 0.00 M M 9.8 26 320 M M M 34 320
16 55 33 44 10 21 0 0.00 M M 17.7 38 300 M M M 46 280
17 54 29 42 8 23 0 0.00 M M 10.2 25 310 M M M 31 280
18 60 24 42 8 23 0 0.00 M M 8.9 26 310 M M M 32 300
19 64 30 47 12 18 0 0.00 M M 8.5 25 260 M M M 30 260
20 69 33 51 16 14 0 0.00 M M 15.7 46 320 M M M 58 320
21 50 29 40 4 25 0 0.00 M M 19.8 40 310 M M M 52 320
22 51 25 38 2 27 0 0.00 M M 20.1 38 340 M M M 47 330
23 57 21 39 3 26 0 0.00 M M 8.5 18 330 M M M 26 330
24 66 27 47 10 18 0 0.00 M M 22.7 47 320 M M M 60 320
25 50 22 36 -1 29 0 0.00 M M 15.2 28 300 M M M 37 310
26 42 20 31 -6 34 0 0.00 M M 12.5 22 130 M M M 27 130
27 56 20 38 0 27 0 0.00 M M 15.4 26 130 M M M 39 140
28 63 26 45 7 20 0 0.00 M M 12.2 24 130 M M M 33 130
29 50 27 39 1 26 0 0.04 M M 25.0 45 330 M M M 57 330
30 43 24 34 -4 31 0 0.00 M M 16.3 31 320 M M M 39 330
31 58 21 40 1 25 0 0.00 M M 11.5 30 320 M M M 35 330
================================================================================
SM 1487 663 934 0 0.07 M 477.4 M M
================================================================================
AV 48.0 21.4 15.4 FASTST M M M MAX(MPH)
MISC ----> 47 320 60 320
================================================================================
NOTES:
# LAST OF SEVERAL OCCURRENCES
COLUMN 17 PEAK WIND IN M.P.H.
PRELIMINARY LOCAL CLIMATOLOGICAL DATA (WS FORM: F-6) , PAGE 2
STATION: BUFFALO SD
MONTH: MARCH
YEAR: 2022
LATITUDE: 45 35 N
LONGITUDE: 103 33 W
[TEMPERATURE DATA] [PRECIPITATION DATA] SYMBOLS USED IN COLUMN 16
AVERAGE MONTHLY: 34.7 TOTAL FOR MONTH: 0.07 1 = FOG OR MIST
DPTR FM NORMAL: 1.2 DPTR FM NORMAL: -0.46 2 = FOG REDUCING VISIBILITY
HIGHEST: 69 ON 20 GRTST 24HR 0.04 ON 29-29 TO 1/4 MILE OR LESS
LOWEST: -5 ON 11 3 = THUNDER
SNOW, ICE PELLETS, HAIL 4 = ICE PELLETS
TOTAL MONTH: M 5 = HAIL
GRTST 24HR M ON M 6 = FREEZING RAIN OR DRIZZLE
GRTST DEPTH: M ON M 7 = DUSTSTORM OR SANDSTORM:
VSBY 1/2 MILE OR LESS
8 = SMOKE OR HAZE
[NO. OF DAYS WITH] [WEATHER - DAYS WITH] 9 = BLOWING SNOW
X = TORNADO
MAX 32 OR BELOW: 8 0.01 INCH OR MORE: 3
MAX 90 OR ABOVE: 0 0.10 INCH OR MORE: 0
MIN 32 OR BELOW: 27 0.50 INCH OR MORE: 0
MIN 0 OR BELOW: 2 1.00 INCH OR MORE: 0
[HDD (BASE 65) ]
TOTAL THIS MO. 934 CLEAR (SCALE 0-3) 0
DPTR FM NORMAL -43 PTCLDY (SCALE 4-7) 0
TOTAL FM JUL 1 5966 CLOUDY (SCALE 8-10) 31
DPTR FM NORMAL -607
[CDD (BASE 65) ]
TOTAL THIS MO. 0
DPTR FM NORMAL 0 [PRESSURE DATA]
TOTAL FM JAN 1 0 HIGHEST SLP 30.43 ON 11
DPTR FM NORMAL 0 LOWEST SLP 29.41 ON 29
[REMARKS]
#FINAL-03-22#